{"id":8352,"date":"2024-04-24T09:34:34","date_gmt":"2024-04-24T12:34:34","guid":{"rendered":"https:\/\/fundacoesufpel.com.br\/fdms\/?page_id=8352"},"modified":"2025-01-30T15:58:23","modified_gmt":"2025-01-30T18:58:23","slug":"fundo-patrimonial","status":"publish","type":"page","link":"https:\/\/fundacoesufpel.com.br\/fdms\/fundo-patrimonial\/","title":{"rendered":"Fundo Patrimonial"},"content":{"rendered":"\n<p><strong>FUNDO PATRIMONIAL DA FUNDA\u00c7\u00c3O DELFIM MENDES SILVEIRA<\/strong><\/p>\n\n\n\n<p><strong>HIST\u00d3RIA<\/strong><\/p>\n\n\n\n<p>A idealiza\u00e7\u00e3o do Fundo Patrimonial iniciou no ano de 2022 quando o ent\u00e3o Diretor Presidente da Funda\u00e7\u00e3o Delfim Mendes Silveira trouxe ao Conselho Deliberativo \u00e0 Reitoria da UFPel a possibilidade de cria\u00e7\u00e3o de um Fundo Patrimonial para buscar solu\u00e7\u00f5es de apoio financeiro a projetos com capacidade de crescimento e desenvolvimento regional. Com o aval dos conselheiros, criou-se um espec\u00edfico grupo de trabalho que, durante 2 anos, avaliou os cen\u00e1rios necess\u00e1rios para crian\u00e7\u00e3o do Fundo, dialogando com outras entidades que j\u00e1 haviam implementado seus respectivos fundos, ouvindo muitos relatos do que deu certo e do que deu errado, pensando, discutindo e refletindo sobre como deveria ser o modelo voltado a nossa regi\u00e3o e realidade. Ao longo desse per\u00edodo, al\u00e9m das defini\u00e7\u00f5es sobre as caracter\u00edsticas do Fundo, percebemos que esse mecanismo de financiamento tinha boa aceita\u00e7\u00e3o entre potenciais doadores, todos entendendo ser uma boa ferramenta de capta\u00e7\u00e3o financeira e est\u00edmulo a projetos ligados as nossas Apoiadas.<\/p>\n\n\n\n<p>Ap\u00f3s todo esse aprendizado e muita colabora\u00e7\u00e3o de v\u00e1rios atores, concebeu-se ent\u00e3o, no dia 13 de dezembro de 2024, a aprova\u00e7\u00e3o do Regimento do Fundo Patrimonial da Funda\u00e7\u00e3o Delfim Mendes Silveira e, a partir desse marco, oficialmente foi manejada a segrega\u00e7\u00e3o patrimonial formada por doa\u00e7\u00f5es de pessoas f\u00edsicas e jur\u00eddicas cujo principal objetivo \u00e9 garantir a sustentabilidade financeira de longo prazo, preservando o capital e utilizando os rendimentos para fomentar iniciativas alinhadas \u00e0s finalidades da Funda\u00e7\u00e3o e ao interesse p\u00fablico.<\/p>\n\n\n\n<p>&nbsp; <strong>QUEM SOMOS<\/strong><\/p>\n\n\n\n<p>Somos um Fundo Patrimonial que recebe doa\u00e7\u00f5es de pessoas f\u00edsicas e jur\u00eddicas e reinveste os rendimentos em projetos visando o desenvolvimento econ\u00f4mico e social da nossa regi\u00e3o.<\/p>\n\n\n\n<p><strong>FORMAS DE DOA\u00c7\u00c3O E QUAIS PROJETOS PODEM SER APOIADOS<\/strong><\/p>\n\n\n\n<p>O Fundo pode alocar seus rendimentos em projetos infraestruturais, projetos de pesquisa e inova\u00e7\u00e3o de todas as \u00e1reas do conhecimento, projetos de extens\u00e3o, projetos sociais e tamb\u00e9m em projetos com finalidades espec\u00edficas que diferem das j\u00e1 citadas, se assim for da vontade do doador.<\/p>\n\n\n\n<p>Para melhor entendimento, abaixo apresentamos as tr\u00eas possibilidades de doa\u00e7\u00e3o e exemplos de poss\u00edveis utiliza\u00e7\u00f5es dos recursos:<\/p>\n\n\n\n<ul class=\"wp-block-list\">\n<li><strong>Doa\u00e7\u00e3o permanente n\u00e3o restrita<\/strong>: O valor integral da doa\u00e7\u00e3o vai para o Fundo e os rendimentos ser\u00e3o aplicados em projetos indicados pelo Comit\u00ea Gestor;<\/li>\n<\/ul>\n\n\n\n<ul class=\"wp-block-list\">\n<li><strong>Doa\u00e7\u00e3o permanente restrita de prop\u00f3sito espec\u00edfico<\/strong>: O valor total da doa\u00e7\u00e3o \u00e9 incorporado ao Fundo, mas seus rendimentos podem ser aplicados em projetos ou a\u00e7\u00f5es decididas pelo doador;<\/li>\n<\/ul>\n\n\n\n<p>Ex.: uma pessoa ou empresa faz uma doa\u00e7\u00e3o de R$ 100.000,00 e define que os rendimentos devam exclusivamente ir para projetos de melhoria da infraestrutura da Faculdade de Odontologia. Nessa hip\u00f3tese, todo ano o rendimento dessa doa\u00e7\u00e3o ser\u00e1 utilizado para a finalidade espec\u00edfica.<\/p>\n\n\n\n<ul class=\"wp-block-list\">\n<li><strong>Doa\u00e7\u00e3o de prop\u00f3sito espec\u00edfico<\/strong>: O capital do valor doado fica obrigatoriamente tr\u00eas meses junto ao capital total do fundo e, ap\u00f3s esse per\u00edodo, o valor doado (sem os rendimentos) pode ser totalmente resgatado e aplicado em projeto(s) ou a\u00e7\u00f5es espec\u00edficas definidas no ato da doa\u00e7\u00e3o.<\/li>\n<\/ul>\n\n\n\n<p>Ex.: doador aporta R$ 100.000,00 e define que a doa\u00e7\u00e3o deve ser destinada exclusivamente para projetos de gera\u00e7\u00e3o de renda com fam\u00edlias de baixa renda. Ap\u00f3s o valor ficar tr\u00eas meses incorporado ao patrim\u00f4nio do Fundo, o valor total ser\u00e1 retirado e aplicado em projetos que contenham a finalidade espec\u00edfica da doa\u00e7\u00e3o.<\/p>\n\n\n\n<p>Obs.: Diferente dos dois exemplos acima, onde a finalidade espec\u00edfica era ampla, o doador pode indicar objetivamente um projeto de extens\u00e3o, pesquisa, uma a\u00e7\u00e3o objetiva de melhoria infraestrutural ou um projeto social que que abranja a finalidade espec\u00edfica prevista no contrato da doa\u00e7\u00e3o.<\/p>\n\n\n\n<p><strong>GOVERNAN\u00c7A<\/strong><\/p>\n\n\n\n<p>O Fundo ser\u00e1 composto administrativamente por um Comit\u00ea Gestor, que ser\u00e1 formado por:<\/p>\n\n\n\n<ul class=\"wp-block-list\">\n<li>&nbsp;&nbsp;&nbsp;Um representante da Diretoria Executiva da Funda\u00e7\u00e3o, a ser indicado pelo Conselho Deliberativo da Funda\u00e7\u00e3o;<\/li>\n\n\n\n<li>&nbsp;&nbsp;&nbsp;Um membro doador pessoa f\u00edsica, a ser indicado pelo Conselho Deliberativo da Funda\u00e7\u00e3o;<\/li>\n\n\n\n<li>&nbsp;&nbsp;&nbsp;Dois membros doadores pessoa jur\u00eddica, a ser indicado pelo Conselho Deliberativo da Funda\u00e7\u00e3o;<\/li>\n\n\n\n<li>&nbsp;&nbsp;&nbsp;Dois ex-alunos da UFPel com not\u00f3rio reconhecimento em a\u00e7\u00f5es empreendedoras, a serem indicados pelo Conselho Deliberativo da Funda\u00e7\u00e3o.<\/li>\n<\/ul>\n\n\n\n<p>Esse Comit\u00ea ser\u00e1 respons\u00e1vel por indicar anualmente as linhas tem\u00e1ticas as quais o Fundo Patrimonial investir\u00e1 os rendimentos oriundos dos recursos da <strong>Doa\u00e7\u00e3o permanente n\u00e3o restrita e das Doa\u00e7\u00f5es de prop\u00f3sito espec\u00edfico. <\/strong>J\u00e1 sobre os rendimentos da <strong>Doa\u00e7\u00e3o permanente restrita de prop\u00f3sito espec\u00edfico e o capital da Doa\u00e7\u00e3o de prop\u00f3sito espec\u00edfico, <\/strong>o comit\u00ea apenas ir\u00e1 sugerir as regras para sele\u00e7\u00e3o dos projetos, ficando a cargo da equipe da Funda\u00e7\u00e3o a condu\u00e7\u00e3o do processo de sele\u00e7\u00e3o quando aplic\u00e1vel.<\/p>\n\n\n\n<p>Ressalta-se o vi\u00e9s externo e diversificado da Governan\u00e7a, \u00e0 Funda\u00e7\u00e3o e a suas institui\u00e7\u00f5es apoiadas, aumentando o car\u00e1ter regional e social do Fundo e evitando qualquer influ\u00eancia dos seus agentes sobre as decis\u00f5es.<\/p>\n\n\n\n<p><strong>COMO DOAR E QUAIS OS BENEF\u00cdCIOS FISCAIS<\/strong><\/p>\n\n\n\n<p><strong>Pessoas Jur\u00eddicas com tributa\u00e7\u00e3o de lucro real<\/strong><\/p>\n\n\n\n<p>Pessoas jur\u00eddicas com tributa\u00e7\u00e3o de<strong> Lucro Real <\/strong>podem possuir benef\u00edcios fiscais sobre os valores correspondentes at\u00e9 2% do lucro do exerc\u00edcio anterior. Sobre esse valor doado a empresa pode abater at\u00e9 40% em benef\u00edcios fiscais.<\/p>\n\n\n\n<p>Para efetivar a doa\u00e7\u00e3o basta a empresa entrar em contato com a Funda\u00e7\u00e3o Delfim Mendes Silveira atrav\u00e9s do e-mail do Fundo, sinalizando o valor e uma das modalidades de doa\u00e7\u00e3o acima. Ap\u00f3s isso enviaremos um contrato espec\u00edfico a uma das modalidades de doa\u00e7\u00e3o para assinatura juntamente com as informa\u00e7\u00f5es da conta banc\u00e1ria. Ap\u00f3s o recebimento do contrato de doa\u00e7\u00e3o e comprovante de dep\u00f3sito ser\u00e1 emitida a documenta\u00e7\u00e3o fiscal por parte da Funda\u00e7\u00e3o para a obten\u00e7\u00e3o do benef\u00edcio fiscal.<\/p>\n\n\n\n<p><strong>Pessoas Jur\u00eddicas com tributa\u00e7\u00e3o de Lucro Presumido e pessoas f\u00edsicas<\/strong><\/p>\n\n\n\n<p>&nbsp;Para essas a legisla\u00e7\u00e3o n\u00e3o concede benef\u00edcios fiscais. Assim, para fazer a doa\u00e7\u00e3o basta os interessados entrarem contato com a Funda\u00e7\u00e3o Delfim Mendes Silveira atrav\u00e9s do e-mail do Fundo, sinalizando o valor e uma das modalidades de doa\u00e7\u00e3o acima. Ap\u00f3s, ser\u00e1 enviado um contrato espec\u00edfico a uma das modalidades de doa\u00e7\u00e3o para assinatura juntamente com as informa\u00e7\u00f5es da conta banc\u00e1ria. Ap\u00f3s o recebimento do contrato de doa\u00e7\u00e3o e comprovante de dep\u00f3sito emitiremos o comprovante fiscal do recebimento.<\/p>\n\n\n\n<p><strong>POR QUE DOAR PARA O FUNDO?<\/strong><\/p>\n\n\n\n<ul class=\"wp-block-list\">\n<li><strong>Sustentabilidade de Longo Prazo<\/strong>: O Fundo permite que a Funda\u00e7\u00e3o apoie projetos de forma cont\u00ednua e planejada, mesmo diante de cen\u00e1rios econ\u00f4micos desafiadores.<\/li>\n\n\n\n<li><strong>Impacto Duradouro<\/strong>: Ao preservar o principal, os rendimentos gerados pelo Fundo proporcionam um impacto constante, beneficiando m\u00faltiplas gera\u00e7\u00f5es.<\/li>\n\n\n\n<li><strong>Transpar\u00eancia e Gest\u00e3o Profissional<\/strong>: A administra\u00e7\u00e3o do fundo segue rigorosos padr\u00f5es de governan\u00e7a, com auditorias peri\u00f3dicas e supervis\u00e3o de comit\u00eas especializados.<\/li>\n<\/ul>\n\n\n\n<p>Por fim destacamos que a Funda\u00e7\u00e3o Delfim Mendes Silveira existe h\u00e1 25 anos, com idoneidade, moralidade e efici\u00eancia comprovadas ao longo desse tempo no suporte a projetos de tr\u00eas importantes Universidades Nacionais (UFPel, UFSM e UNIPAMPA). Al\u00e9m disso, a doa\u00e7\u00e3o ao Fundo Patrimonial certamente transformar\u00e1 vidas e far\u00e1 diferen\u00e7a no fortalecimento e desenvolvimento social e cient\u00edfico da nossa regi\u00e3o.<\/p>\n\n\n\n<p><strong>CONTATO<\/strong><\/p>\n\n\n\n<p>Mais informa\u00e7\u00f5es podem ser obtidas atrav\u00e9s dos canais abaixo:<br>E-mail: <a href=\"mailto:fundopatrimonial@fundacoesufpel.com.br\">fundopatrimonial@fundacoesufpel.com.br<\/a><br>Telefone: 53 3026-6900 ou 53 3026-6947<br><br><strong>Dados banc\u00e1rios:<\/strong><br>Sicredi<br>Ag. 0663<br>C.C. 93556-1<\/p>\n\n\n\n<div data-wp-interactive=\"core\/file\" class=\"wp-block-file\"><object data-wp-bind--hidden=\"!state.hasPdfPreview\" hidden class=\"wp-block-file__embed\" data=\"https:\/\/fundacoesufpel.com.br\/fdms\/wp-content\/uploads\/sites\/3\/2025\/01\/Regimento-Fundo-Patrimonial-FDMS-assinado.pdf\" type=\"application\/pdf\" style=\"width:100%;height:600px\" aria-label=\"Incorporado de Regimento Fundo Patrimonial FDMS assinado.\"><\/object><a id=\"wp-block-file--media-48a49b03-b183-41e3-ace1-2cc48a1b7d5d\" href=\"https:\/\/fundacoesufpel.com.br\/fdms\/wp-content\/uploads\/sites\/3\/2025\/01\/Regimento-Fundo-Patrimonial-FDMS-assinado.pdf\">Regimento Fundo Patrimonial FDMS assinado<\/a><a href=\"https:\/\/fundacoesufpel.com.br\/fdms\/wp-content\/uploads\/sites\/3\/2025\/01\/Regimento-Fundo-Patrimonial-FDMS-assinado.pdf\" class=\"wp-block-file__button wp-element-button\" download aria-describedby=\"wp-block-file--media-48a49b03-b183-41e3-ace1-2cc48a1b7d5d\">Baixar<\/a><\/div>\n\n\n\n<p><\/p>\n\n\n\n<p class=\"has-text-align-center\"><strong>PARCEIROS DOADORES<\/strong><\/p>\n\n\n<div class=\"wp-block-image\">\n<figure class=\"aligncenter size-full is-resized\"><img data-recalc-dims=\"1\" fetchpriority=\"high\" decoding=\"async\" width=\"780\" height=\"183\" data-attachment-id=\"8933\" data-permalink=\"https:\/\/fundacoesufpel.com.br\/fdms\/fundo-patrimonial\/sicredi\/\" data-orig-file=\"https:\/\/i0.wp.com\/fundacoesufpel.com.br\/fdms\/wp-content\/uploads\/sites\/3\/2024\/12\/sicredi.png?fit=800%2C188&amp;ssl=1\" data-orig-size=\"800,188\" data-comments-opened=\"0\" data-image-meta=\"{&quot;aperture&quot;:&quot;0&quot;,&quot;credit&quot;:&quot;&quot;,&quot;camera&quot;:&quot;&quot;,&quot;caption&quot;:&quot;&quot;,&quot;created_timestamp&quot;:&quot;0&quot;,&quot;copyright&quot;:&quot;&quot;,&quot;focal_length&quot;:&quot;0&quot;,&quot;iso&quot;:&quot;0&quot;,&quot;shutter_speed&quot;:&quot;0&quot;,&quot;title&quot;:&quot;&quot;,&quot;orientation&quot;:&quot;0&quot;}\" data-image-title=\"sicredi\" data-image-description=\"\" data-image-caption=\"\" data-medium-file=\"https:\/\/i0.wp.com\/fundacoesufpel.com.br\/fdms\/wp-content\/uploads\/sites\/3\/2024\/12\/sicredi.png?fit=300%2C71&amp;ssl=1\" data-large-file=\"https:\/\/i0.wp.com\/fundacoesufpel.com.br\/fdms\/wp-content\/uploads\/sites\/3\/2024\/12\/sicredi.png?fit=780%2C183&amp;ssl=1\" src=\"https:\/\/i0.wp.com\/fundacoesufpel.com.br\/fdms\/wp-content\/uploads\/sites\/3\/2024\/12\/sicredi.png?resize=780%2C183&#038;ssl=1\" alt=\"\" class=\"wp-image-8933\" style=\"width:229px;height:auto\" srcset=\"https:\/\/i0.wp.com\/fundacoesufpel.com.br\/fdms\/wp-content\/uploads\/sites\/3\/2024\/12\/sicredi.png?w=800&amp;ssl=1 800w, https:\/\/i0.wp.com\/fundacoesufpel.com.br\/fdms\/wp-content\/uploads\/sites\/3\/2024\/12\/sicredi.png?resize=300%2C71&amp;ssl=1 300w, https:\/\/i0.wp.com\/fundacoesufpel.com.br\/fdms\/wp-content\/uploads\/sites\/3\/2024\/12\/sicredi.png?resize=768%2C180&amp;ssl=1 768w\" sizes=\"(max-width: 780px) 100vw, 780px\" \/><\/figure>\n<\/div>\n\n\n<p><\/p>\n","protected":false},"excerpt":{"rendered":"<p>FUNDO PATRIMONIAL DA FUNDA\u00c7\u00c3O DELFIM MENDES SILVEIRA HIST\u00d3RIA A idealiza\u00e7\u00e3o do Fundo Patrimonial iniciou no ano de 2022 quando o [&hellip;]<\/p>\n","protected":false},"author":19,"featured_media":0,"parent":0,"menu_order":0,"comment_status":"closed","ping_status":"closed","template":"","meta":{"jetpack_post_was_ever_published":false,"footnotes":""},"class_list":["post-8352","page","type-page","status-publish","hentry"],"jetpack_sharing_enabled":true,"jetpack_likes_enabled":true,"jetpack-related-posts":[{"id":3614,"url":"https:\/\/fundacoesufpel.com.br\/fdms\/ordens-internas-pareceres\/","url_meta":{"origin":8352,"position":0},"title":"Ordens Internas e Pareceres","author":"admin","date":"11\/12\/2020","format":false,"excerpt":"Com intuito de aprimorar e normatizar os procedimentos e fluxos internos\/externos, vimos informar as ordens internas que regulamentam algumas a\u00e7\u00f5es: Ordem Interna n\u00ba 01\u00a0- Regulamenta o funcionamento das assinaturas dos diretores para realiza\u00e7\u00e3o de pagamentos Ordem Interna n\u00b0 02\u00a0- Regulamenta o funcionamento da publica\u00e7\u00e3o de editais de sele\u00e7\u00e3o de bolsistas\u2026","rel":"","context":"Post similar","block_context":{"text":"Post similar","link":""},"img":{"alt_text":"","src":"","width":0,"height":0},"classes":[]},{"id":4587,"url":"https:\/\/fundacoesufpel.com.br\/fdms\/projetos-de-extensao\/","url_meta":{"origin":8352,"position":1},"title":"Projetos de Extens\u00e3o &#8211; Conhecimento e Servi\u00e7os para a Comunidade.","author":"admin","date":"25\/08\/2021","format":false,"excerpt":"Portf\u00f3lio - Acesse clicando aqui. Durante os primeiros meses de gest\u00e3o realizamos uma an\u00e1lise de cen\u00e1rio e identificamos que os desafios postos para o enfrentamento do atual momento pol\u00edtico, econ\u00f4mico e social s\u00e3o abissais. \u00c9 imperativo que estrat\u00e9gias para tal enfrentamento sejam implementadas. A unidade de apoio \u00e0 Universidade Federal\u2026","rel":"","context":"Post similar","block_context":{"text":"Post similar","link":""},"img":{"alt_text":"","src":"","width":0,"height":0},"classes":[]},{"id":2319,"url":"https:\/\/fundacoesufpel.com.br\/fdms\/programa-de-integridade\/","url_meta":{"origin":8352,"position":2},"title":"Programa de Integridade","author":"admin","date":"06\/11\/2020","format":false,"excerpt":"Na data de\u00a001\/10\/2020\u00a0foi criado o Comit\u00ea de \u00c9tica e Compliance pela\u00a0Funda\u00e7\u00e3o Delfim Mendes Silveira\u00a0com o objetivo de implementar um\u00a0Programa Integridade para ado\u00e7\u00e3o de medidas e a\u00e7\u00f5es institucionais destinadas \u00e0 preven\u00e7\u00e3o, \u00e0 detec\u00e7\u00e3o, \u00e0 puni\u00e7\u00e3o e \u00e0 remedia\u00e7\u00e3o de fraudes e atos de corrup\u00e7\u00e3o em apoio \u00e0 boa governan\u00e7a. A Diretoria\u2026","rel":"","context":"Post similar","block_context":{"text":"Post similar","link":""},"img":{"alt_text":"","src":"https:\/\/i0.wp.com\/fundacoesufpel.com.br\/fdms\/wp-content\/uploads\/sites\/3\/2022\/07\/Imagem-para-o-site.png?resize=350%2C200&ssl=1","width":350,"height":200},"classes":[]},{"id":4350,"url":"https:\/\/fundacoesufpel.com.br\/fdms\/portal-lgpd\/","url_meta":{"origin":8352,"position":3},"title":"Portal LGPD","author":"admin","date":"11\/06\/2021","format":false,"excerpt":"A LGPD ou Lei n\u00ba 13.709 \u00e9 a legisla\u00e7\u00e3o brasileira que estabelece regras e obriga\u00e7\u00f5es sobre a prote\u00e7\u00e3o de dados pessoais em todos os aspectos e para todas as organiza\u00e7\u00f5es. A Lei Geral da Prote\u00e7\u00e3o de Dados foi publicada em 14 de agosto de 2018 tratando-se diferente das legisla\u00e7\u00f5es setoriais\u2026","rel":"","context":"Post similar","block_context":{"text":"Post similar","link":""},"img":{"alt_text":"","src":"https:\/\/i0.wp.com\/fundacoesufpel.com.br\/fdms\/wp-content\/uploads\/sites\/3\/2021\/06\/LGPD-Solicitacao.png?resize=350%2C200&ssl=1","width":350,"height":200,"srcset":"https:\/\/i0.wp.com\/fundacoesufpel.com.br\/fdms\/wp-content\/uploads\/sites\/3\/2021\/06\/LGPD-Solicitacao.png?resize=350%2C200&ssl=1 1x, https:\/\/i0.wp.com\/fundacoesufpel.com.br\/fdms\/wp-content\/uploads\/sites\/3\/2021\/06\/LGPD-Solicitacao.png?resize=525%2C300&ssl=1 1.5x"},"classes":[]},{"id":1822,"url":"https:\/\/fundacoesufpel.com.br\/fdms\/primeiros-passos\/","url_meta":{"origin":8352,"position":4},"title":"Primeiros Passos","author":"admin","date":"18\/09\/2020","format":false,"excerpt":"Os instrumentos firmados pela UFPel com as Funda\u00e7\u00f5es de Apoio s\u00e3o provenientes de projetos de ensino, pesquisa, extens\u00e3o, desenvolvimento institucional, cient\u00edfico e tecnol\u00f3gico e est\u00edmulo \u00e0 inova\u00e7\u00e3o coordenados por professores e\/ou t\u00e9cnicos administrativo da Universidade em favor da comunidade interna e\/ou externa da institui\u00e7\u00e3o. \u00a0 1\u00ba - Projeto aprovado pela\u2026","rel":"","context":"Post similar","block_context":{"text":"Post similar","link":""},"img":{"alt_text":"","src":"","width":0,"height":0},"classes":[]},{"id":6656,"url":"https:\/\/fundacoesufpel.com.br\/fdms\/nosso-manual-de-marca\/","url_meta":{"origin":8352,"position":5},"title":"Nosso manual de marca","author":"","date":"28\/10\/2022","format":false,"excerpt":"Devido a quantidade de projetos apoiados pela funda\u00e7\u00e3o atualmente e a necessidade de haver um material de qualidade sobre nossa identidade visual para divulga\u00e7\u00e3o, foi criado um pequeno guia de como deve ser usada a logo da FDMS e suas diferentes aplica\u00e7\u00f5es. Como forma de manter a integridade da identidade\u2026","rel":"","context":"Post similar","block_context":{"text":"Post similar","link":""},"img":{"alt_text":"","src":"","width":0,"height":0},"classes":[]}],"jetpack_shortlink":"https:\/\/wp.me\/PcrDaD-2aI","_links":{"self":[{"href":"https:\/\/fundacoesufpel.com.br\/fdms\/wp-json\/wp\/v2\/pages\/8352","targetHints":{"allow":["GET"]}}],"collection":[{"href":"https:\/\/fundacoesufpel.com.br\/fdms\/wp-json\/wp\/v2\/pages"}],"about":[{"href":"https:\/\/fundacoesufpel.com.br\/fdms\/wp-json\/wp\/v2\/types\/page"}],"author":[{"embeddable":true,"href":"https:\/\/fundacoesufpel.com.br\/fdms\/wp-json\/wp\/v2\/users\/19"}],"replies":[{"embeddable":true,"href":"https:\/\/fundacoesufpel.com.br\/fdms\/wp-json\/wp\/v2\/comments?post=8352"}],"version-history":[{"count":9,"href":"https:\/\/fundacoesufpel.com.br\/fdms\/wp-json\/wp\/v2\/pages\/8352\/revisions"}],"predecessor-version":[{"id":9063,"href":"https:\/\/fundacoesufpel.com.br\/fdms\/wp-json\/wp\/v2\/pages\/8352\/revisions\/9063"}],"wp:attachment":[{"href":"https:\/\/fundacoesufpel.com.br\/fdms\/wp-json\/wp\/v2\/media?parent=8352"}],"curies":[{"name":"wp","href":"https:\/\/api.w.org\/{rel}","templated":true}]}}