{"id":4350,"date":"2021-06-11T11:23:42","date_gmt":"2021-06-11T14:23:42","guid":{"rendered":"https:\/\/fundacoesufpel.com.br\/fdms\/?page_id=4350"},"modified":"2021-06-11T11:38:50","modified_gmt":"2021-06-11T14:38:50","slug":"portal-lgpd","status":"publish","type":"page","link":"https:\/\/fundacoesufpel.com.br\/fdms\/portal-lgpd\/","title":{"rendered":"Portal LGPD"},"content":{"rendered":"\n<p class=\"has-normal-font-size\">A LGPD ou Lei n\u00ba 13.709 \u00e9 a legisla\u00e7\u00e3o brasileira que estabelece regras e obriga\u00e7\u00f5es sobre a prote\u00e7\u00e3o de dados pessoais em todos os aspectos e para todas as organiza\u00e7\u00f5es. A Lei Geral da Prote\u00e7\u00e3o de Dados foi publicada em 14 de agosto de 2018 tratando-se diferente das legisla\u00e7\u00f5es setoriais de prote\u00e7\u00e3o de dados pessoais pois est\u00e1 aplicada a toda e qualquer atividade que envolva a coleta e armazenamento de dados que sejam classificados como pessoais.<\/p>\n\n\n\n<hr class=\"wp-block-separator is-style-wide\"\/>\n\n\n\n<p style=\"font-size:17px\">Como saber que dados nossa institui\u00e7\u00e3o possui sobre voc\u00ea?<\/p>\n\n\n\n<p style=\"font-size:18px\">Acesse o nosso <a rel=\"noreferrer noopener\" href=\"https:\/\/coordenador.fundacoesufpel.com.br\/LGPD\/Login\/Login.aspx\" target=\"_blank\"><strong><span style=\"text-decoration: underline;\">PORTAL<\/span><\/strong><\/a> e siga o passo a passo. <\/p>\n\n\n\n<hr class=\"wp-block-separator is-style-wide\"\/>\n\n\n\n<div class=\"wp-block-image\"><figure class=\"aligncenter size-large is-resized\"><img data-recalc-dims=\"1\" fetchpriority=\"high\" decoding=\"async\" data-attachment-id=\"4362\" data-permalink=\"https:\/\/fundacoesufpel.com.br\/fdms\/portal-lgpd\/lgdp-login\/\" data-orig-file=\"https:\/\/i0.wp.com\/fundacoesufpel.com.br\/fdms\/wp-content\/uploads\/sites\/3\/2021\/06\/LGDP-Login.png?fit=410%2C382&amp;ssl=1\" data-orig-size=\"410,382\" data-comments-opened=\"0\" data-image-meta=\"{&quot;aperture&quot;:&quot;0&quot;,&quot;credit&quot;:&quot;&quot;,&quot;camera&quot;:&quot;&quot;,&quot;caption&quot;:&quot;&quot;,&quot;created_timestamp&quot;:&quot;0&quot;,&quot;copyright&quot;:&quot;&quot;,&quot;focal_length&quot;:&quot;0&quot;,&quot;iso&quot;:&quot;0&quot;,&quot;shutter_speed&quot;:&quot;0&quot;,&quot;title&quot;:&quot;&quot;,&quot;orientation&quot;:&quot;0&quot;}\" data-image-title=\"LGDP-Login\" data-image-description=\"\" data-image-caption=\"\" data-medium-file=\"https:\/\/i0.wp.com\/fundacoesufpel.com.br\/fdms\/wp-content\/uploads\/sites\/3\/2021\/06\/LGDP-Login.png?fit=300%2C280&amp;ssl=1\" data-large-file=\"https:\/\/i0.wp.com\/fundacoesufpel.com.br\/fdms\/wp-content\/uploads\/sites\/3\/2021\/06\/LGDP-Login.png?fit=410%2C382&amp;ssl=1\" src=\"https:\/\/i0.wp.com\/fundacoesufpel.com.br\/fdms\/wp-content\/uploads\/sites\/3\/2021\/06\/LGDP-Login.png?resize=377%2C352&#038;ssl=1\" alt=\"\" class=\"wp-image-4362\" width=\"377\" height=\"352\" srcset=\"https:\/\/i0.wp.com\/fundacoesufpel.com.br\/fdms\/wp-content\/uploads\/sites\/3\/2021\/06\/LGDP-Login.png?w=410&amp;ssl=1 410w, https:\/\/i0.wp.com\/fundacoesufpel.com.br\/fdms\/wp-content\/uploads\/sites\/3\/2021\/06\/LGDP-Login.png?resize=300%2C280&amp;ssl=1 300w\" sizes=\"(max-width: 377px) 100vw, 377px\" \/><figcaption>Fa\u00e7a Login com seu CPF.<\/figcaption><\/figure><\/div>\n\n\n\n<div class=\"wp-block-image\"><figure class=\"aligncenter size-large is-resized\"><img data-recalc-dims=\"1\" decoding=\"async\" data-attachment-id=\"4363\" data-permalink=\"https:\/\/fundacoesufpel.com.br\/fdms\/portal-lgpd\/lgdp-menus\/\" data-orig-file=\"https:\/\/i0.wp.com\/fundacoesufpel.com.br\/fdms\/wp-content\/uploads\/sites\/3\/2021\/06\/LGDP-Menus.png?fit=593%2C248&amp;ssl=1\" data-orig-size=\"593,248\" data-comments-opened=\"0\" data-image-meta=\"{&quot;aperture&quot;:&quot;0&quot;,&quot;credit&quot;:&quot;&quot;,&quot;camera&quot;:&quot;&quot;,&quot;caption&quot;:&quot;&quot;,&quot;created_timestamp&quot;:&quot;0&quot;,&quot;copyright&quot;:&quot;&quot;,&quot;focal_length&quot;:&quot;0&quot;,&quot;iso&quot;:&quot;0&quot;,&quot;shutter_speed&quot;:&quot;0&quot;,&quot;title&quot;:&quot;&quot;,&quot;orientation&quot;:&quot;0&quot;}\" data-image-title=\"LGDP-Menus\" data-image-description=\"\" data-image-caption=\"\" data-medium-file=\"https:\/\/i0.wp.com\/fundacoesufpel.com.br\/fdms\/wp-content\/uploads\/sites\/3\/2021\/06\/LGDP-Menus.png?fit=300%2C125&amp;ssl=1\" data-large-file=\"https:\/\/i0.wp.com\/fundacoesufpel.com.br\/fdms\/wp-content\/uploads\/sites\/3\/2021\/06\/LGDP-Menus.png?fit=593%2C248&amp;ssl=1\" src=\"https:\/\/i0.wp.com\/fundacoesufpel.com.br\/fdms\/wp-content\/uploads\/sites\/3\/2021\/06\/LGDP-Menus.png?resize=541%2C226&#038;ssl=1\" alt=\"\" class=\"wp-image-4363\" width=\"541\" height=\"226\" srcset=\"https:\/\/i0.wp.com\/fundacoesufpel.com.br\/fdms\/wp-content\/uploads\/sites\/3\/2021\/06\/LGDP-Menus.png?w=593&amp;ssl=1 593w, https:\/\/i0.wp.com\/fundacoesufpel.com.br\/fdms\/wp-content\/uploads\/sites\/3\/2021\/06\/LGDP-Menus.png?resize=300%2C125&amp;ssl=1 300w\" sizes=\"(max-width: 541px) 100vw, 541px\" \/><figcaption>Navegando pelas diversas abas ser\u00e1 poss\u00edvel visualizar os dados que a Funda\u00e7\u00e3o possui sobre voc\u00ea.<\/figcaption><\/figure><\/div>\n\n\n\n<div class=\"wp-block-image\"><figure class=\"aligncenter size-large\"><img data-recalc-dims=\"1\" decoding=\"async\" width=\"592\" height=\"359\" data-attachment-id=\"4368\" data-permalink=\"https:\/\/fundacoesufpel.com.br\/fdms\/portal-lgpd\/lgpd-solicitacao\/\" data-orig-file=\"https:\/\/i0.wp.com\/fundacoesufpel.com.br\/fdms\/wp-content\/uploads\/sites\/3\/2021\/06\/LGPD-Solicitacao.png?fit=592%2C359&amp;ssl=1\" data-orig-size=\"592,359\" data-comments-opened=\"0\" data-image-meta=\"{&quot;aperture&quot;:&quot;0&quot;,&quot;credit&quot;:&quot;&quot;,&quot;camera&quot;:&quot;&quot;,&quot;caption&quot;:&quot;&quot;,&quot;created_timestamp&quot;:&quot;0&quot;,&quot;copyright&quot;:&quot;&quot;,&quot;focal_length&quot;:&quot;0&quot;,&quot;iso&quot;:&quot;0&quot;,&quot;shutter_speed&quot;:&quot;0&quot;,&quot;title&quot;:&quot;&quot;,&quot;orientation&quot;:&quot;0&quot;}\" data-image-title=\"LGPD-Solicitacao\" data-image-description=\"\" data-image-caption=\"\" data-medium-file=\"https:\/\/i0.wp.com\/fundacoesufpel.com.br\/fdms\/wp-content\/uploads\/sites\/3\/2021\/06\/LGPD-Solicitacao.png?fit=300%2C182&amp;ssl=1\" data-large-file=\"https:\/\/i0.wp.com\/fundacoesufpel.com.br\/fdms\/wp-content\/uploads\/sites\/3\/2021\/06\/LGPD-Solicitacao.png?fit=592%2C359&amp;ssl=1\" src=\"https:\/\/i0.wp.com\/fundacoesufpel.com.br\/fdms\/wp-content\/uploads\/sites\/3\/2021\/06\/LGPD-Solicitacao.png?resize=592%2C359&#038;ssl=1\" alt=\"\" class=\"wp-image-4368\" srcset=\"https:\/\/i0.wp.com\/fundacoesufpel.com.br\/fdms\/wp-content\/uploads\/sites\/3\/2021\/06\/LGPD-Solicitacao.png?w=592&amp;ssl=1 592w, https:\/\/i0.wp.com\/fundacoesufpel.com.br\/fdms\/wp-content\/uploads\/sites\/3\/2021\/06\/LGPD-Solicitacao.png?resize=300%2C182&amp;ssl=1 300w\" sizes=\"(max-width: 592px) 100vw, 592px\" \/><figcaption>Caso deseje, pode entrar em contato com nosso Encarregado-LGPD na aba \u201cSolicita\u00e7\u00f5es do Titular a Institui\u00e7\u00e3o\u201d com suas d\u00favidas ou solicitando informa\u00e7\u00e3o sobre como s\u00e3o utilizados seus dados na Funda\u00e7\u00e3o.<\/figcaption><\/figure><\/div>\n","protected":false},"excerpt":{"rendered":"<p>A LGPD ou Lei n\u00ba 13.709 \u00e9 a legisla\u00e7\u00e3o brasileira que estabelece regras e obriga\u00e7\u00f5es sobre a prote\u00e7\u00e3o de dados [&hellip;]<\/p>\n","protected":false},"author":1,"featured_media":4261,"parent":0,"menu_order":0,"comment_status":"closed","ping_status":"closed","template":"","meta":{"jetpack_post_was_ever_published":false,"footnotes":""},"class_list":["post-4350","page","type-page","status-publish","has-post-thumbnail","hentry"],"jetpack_sharing_enabled":true,"jetpack_likes_enabled":true,"jetpack-related-posts":[{"id":4705,"url":"https:\/\/fundacoesufpel.com.br\/fdms\/politica-de-privacidade-e-protecao-de-dados\/","url_meta":{"origin":4350,"position":0},"title":"Pol\u00edtica de Privacidade e Prote\u00e7\u00e3o de Dados","author":"admin","date":"07\/10\/2021","format":false,"excerpt":"Como parte das nossas opera\u00e7\u00f5es di\u00e1rias, necessitamos coletar dados pessoais de nossos parceiros e potenciais parceiros com o intuito de fornecer os nossos servi\u00e7os alinhados aos valores, interesses e perfil de cada interessado. A privacidade de suas informa\u00e7\u00f5es \u00e9 de grande import\u00e2ncia para n\u00f3s, e temos como pol\u00edtica respeitar a\u2026","rel":"","context":"Post similar","block_context":{"text":"Post similar","link":""},"img":{"alt_text":"","src":"","width":0,"height":0},"classes":[]},{"id":8352,"url":"https:\/\/fundacoesufpel.com.br\/fdms\/fundo-patrimonial\/","url_meta":{"origin":4350,"position":1},"title":"Fundo Patrimonial","author":"leandrojunior","date":"24\/04\/2024","format":false,"excerpt":"FUNDO PATRIMONIAL DA FUNDA\u00c7\u00c3O DELFIM MENDES SILVEIRA HIST\u00d3RIA A idealiza\u00e7\u00e3o do Fundo Patrimonial iniciou no ano de 2022 quando o ent\u00e3o Diretor Presidente da Funda\u00e7\u00e3o Delfim Mendes Silveira trouxe ao Conselho Deliberativo \u00e0 Reitoria da UFPel a possibilidade de cria\u00e7\u00e3o de um Fundo Patrimonial para buscar solu\u00e7\u00f5es de apoio financeiro\u2026","rel":"","context":"Post similar","block_context":{"text":"Post similar","link":""},"img":{"alt_text":"","src":"https:\/\/i0.wp.com\/fundacoesufpel.com.br\/fdms\/wp-content\/uploads\/sites\/3\/2024\/12\/sicredi.png?resize=350%2C200&ssl=1","width":350,"height":200,"srcset":"https:\/\/i0.wp.com\/fundacoesufpel.com.br\/fdms\/wp-content\/uploads\/sites\/3\/2024\/12\/sicredi.png?resize=350%2C200&ssl=1 1x, https:\/\/i0.wp.com\/fundacoesufpel.com.br\/fdms\/wp-content\/uploads\/sites\/3\/2024\/12\/sicredi.png?resize=525%2C300&ssl=1 1.5x, https:\/\/i0.wp.com\/fundacoesufpel.com.br\/fdms\/wp-content\/uploads\/sites\/3\/2024\/12\/sicredi.png?resize=700%2C400&ssl=1 2x"},"classes":[]},{"id":68,"url":"https:\/\/fundacoesufpel.com.br\/fdms\/legislacao\/","url_meta":{"origin":4350,"position":2},"title":"Legisla\u00e7\u00e3o","author":"admin","date":"04\/08\/2020","format":false,"excerpt":"","rel":"","context":"Post similar","block_context":{"text":"Post similar","link":""},"img":{"alt_text":"","src":"","width":0,"height":0},"classes":[]},{"id":1822,"url":"https:\/\/fundacoesufpel.com.br\/fdms\/primeiros-passos\/","url_meta":{"origin":4350,"position":3},"title":"Primeiros Passos","author":"admin","date":"18\/09\/2020","format":false,"excerpt":"Os instrumentos firmados pela UFPel com as Funda\u00e7\u00f5es de Apoio s\u00e3o provenientes de projetos de ensino, pesquisa, extens\u00e3o, desenvolvimento institucional, cient\u00edfico e tecnol\u00f3gico e est\u00edmulo \u00e0 inova\u00e7\u00e3o coordenados por professores e\/ou t\u00e9cnicos administrativo da Universidade em favor da comunidade interna e\/ou externa da institui\u00e7\u00e3o. \u00a0 1\u00ba - Projeto aprovado pela\u2026","rel":"","context":"Post similar","block_context":{"text":"Post similar","link":""},"img":{"alt_text":"","src":"","width":0,"height":0},"classes":[]},{"id":1815,"url":"https:\/\/fundacoesufpel.com.br\/fdms\/financiadores\/","url_meta":{"origin":4350,"position":4},"title":"Financiadores","author":"admin","date":"18\/09\/2020","format":false,"excerpt":"Os financiadores s\u00e3o parte imprescind\u00edvel para a realiza\u00e7\u00e3o de muitos projetos. Desta forma, importante elencar aqueles que fazem e j\u00e1 fizeram parte dos projetos da Funda\u00e7\u00e3o, s\u00e3o eles: PARCEIROS P\u00daBLICOSBANCO NACIONAL DE DESENVOLVIMENTO ECON\u00d4MICO - BNDESEMENDAS PARLAMENTARESEMPRESA BRASILEIRA DE PESQUISA E INOVA\u00c7\u00c3O INDUSTRIAL (EMBRAPII)FINEP - FINANCIADORA DE ESTUDOS E PROJETOSINSTITUTO\u2026","rel":"","context":"Post similar","block_context":{"text":"Post similar","link":""},"img":{"alt_text":"","src":"","width":0,"height":0},"classes":[]},{"id":4587,"url":"https:\/\/fundacoesufpel.com.br\/fdms\/projetos-de-extensao\/","url_meta":{"origin":4350,"position":5},"title":"Projetos de Extens\u00e3o &#8211; Conhecimento e Servi\u00e7os para a Comunidade.","author":"admin","date":"25\/08\/2021","format":false,"excerpt":"Portf\u00f3lio - Acesse clicando aqui. Durante os primeiros meses de gest\u00e3o realizamos uma an\u00e1lise de cen\u00e1rio e identificamos que os desafios postos para o enfrentamento do atual momento pol\u00edtico, econ\u00f4mico e social s\u00e3o abissais. \u00c9 imperativo que estrat\u00e9gias para tal enfrentamento sejam implementadas. A unidade de apoio \u00e0 Universidade Federal\u2026","rel":"","context":"Post similar","block_context":{"text":"Post similar","link":""},"img":{"alt_text":"","src":"","width":0,"height":0},"classes":[]}],"jetpack_shortlink":"https:\/\/wp.me\/PcrDaD-18a","_links":{"self":[{"href":"https:\/\/fundacoesufpel.com.br\/fdms\/wp-json\/wp\/v2\/pages\/4350","targetHints":{"allow":["GET"]}}],"collection":[{"href":"https:\/\/fundacoesufpel.com.br\/fdms\/wp-json\/wp\/v2\/pages"}],"about":[{"href":"https:\/\/fundacoesufpel.com.br\/fdms\/wp-json\/wp\/v2\/types\/page"}],"author":[{"embeddable":true,"href":"https:\/\/fundacoesufpel.com.br\/fdms\/wp-json\/wp\/v2\/users\/1"}],"replies":[{"embeddable":true,"href":"https:\/\/fundacoesufpel.com.br\/fdms\/wp-json\/wp\/v2\/comments?post=4350"}],"version-history":[{"count":13,"href":"https:\/\/fundacoesufpel.com.br\/fdms\/wp-json\/wp\/v2\/pages\/4350\/revisions"}],"predecessor-version":[{"id":4377,"href":"https:\/\/fundacoesufpel.com.br\/fdms\/wp-json\/wp\/v2\/pages\/4350\/revisions\/4377"}],"wp:featuredmedia":[{"embeddable":true,"href":"https:\/\/fundacoesufpel.com.br\/fdms\/wp-json\/wp\/v2\/media\/4261"}],"wp:attachment":[{"href":"https:\/\/fundacoesufpel.com.br\/fdms\/wp-json\/wp\/v2\/media?parent=4350"}],"curies":[{"name":"wp","href":"https:\/\/api.w.org\/{rel}","templated":true}]}}