{"id":4044,"date":"2021-03-10T16:32:05","date_gmt":"2021-03-10T19:32:05","guid":{"rendered":"https:\/\/fundacoesufpel.com.br\/fdms\/?page_id=4044"},"modified":"2023-05-24T13:35:26","modified_gmt":"2023-05-24T16:35:26","slug":"estatuto-e-escrituras-publicas","status":"publish","type":"page","link":"https:\/\/fundacoesufpel.com.br\/fdms\/estatuto-e-escrituras-publicas\/","title":{"rendered":"Estatuto e Escrituras P\u00fablicas"},"content":{"rendered":"\n<div class=\"wp-block-file\"><a id=\"wp-block-file--media-4b17d324-d3e6-474e-90cc-8e6fe1299f80\" href=\"https:\/\/fundacoesufpel.com.br\/fdms\/wp-content\/uploads\/sites\/3\/2021\/03\/1-Escritura-Publica-de-Constituicao-FDMS-1999.pdf\" target=\"_blank\" rel=\"noreferrer noopener\"><strong>Escritura de Constitui\u00e7\u00e3o da FDMS &#8211;&nbsp;08\/11\/1999<\/strong><\/a><a href=\"https:\/\/fundacoesufpel.com.br\/fdms\/wp-content\/uploads\/sites\/3\/2021\/03\/1-Escritura-Publica-de-Constituicao-FDMS-1999.pdf\" class=\"wp-block-file__button wp-element-button\" download aria-describedby=\"wp-block-file--media-4b17d324-d3e6-474e-90cc-8e6fe1299f80\">Baixar<\/a><\/div>\n\n\n\n<div class=\"wp-block-file\"><a id=\"wp-block-file--media-eb581803-fcda-4b85-a52c-a0ecb2ff3595\" href=\"https:\/\/fundacoesufpel.com.br\/fdms\/wp-content\/uploads\/sites\/3\/2021\/03\/2-Escritura-Publica-de-Alteracao-de-Estatuto-FDMS-2000.pdf\" target=\"_blank\" rel=\"noreferrer noopener\"><strong>1\u00aa Altera\u00e7\u00e3o:&nbsp;<\/strong>Escritura de Altera\u00e7\u00e3o do Estatuto Social FDMS &#8211;&nbsp; 01\/03\/2000<\/a><a href=\"https:\/\/fundacoesufpel.com.br\/fdms\/wp-content\/uploads\/sites\/3\/2021\/03\/2-Escritura-Publica-de-Alteracao-de-Estatuto-FDMS-2000.pdf\" class=\"wp-block-file__button wp-element-button\" download aria-describedby=\"wp-block-file--media-eb581803-fcda-4b85-a52c-a0ecb2ff3595\">Baixar<\/a><\/div>\n\n\n\n<div class=\"wp-block-file\"><a id=\"wp-block-file--media-24461aff-8b2d-4562-b54f-c0dc2f12313c\" href=\"https:\/\/fundacoesufpel.com.br\/fdms\/wp-content\/uploads\/sites\/3\/2021\/03\/3-Escritura-Publica-de-Alteracao-de-Estatuto-FDMS-2009.pdf\" target=\"_blank\" rel=\"noreferrer noopener\"><strong>2\u00b0 Altera\u00e7\u00e3o:&nbsp;<\/strong>&nbsp;Escritura de Altera\u00e7\u00e3o do Estatuto Social FDMS &#8211;&nbsp;12\/03\/2009<\/a><a href=\"https:\/\/fundacoesufpel.com.br\/fdms\/wp-content\/uploads\/sites\/3\/2021\/03\/3-Escritura-Publica-de-Alteracao-de-Estatuto-FDMS-2009.pdf\" class=\"wp-block-file__button wp-element-button\" download aria-describedby=\"wp-block-file--media-24461aff-8b2d-4562-b54f-c0dc2f12313c\">Baixar<\/a><\/div>\n\n\n\n<div class=\"wp-block-file\"><a id=\"wp-block-file--media-51a459af-084b-4348-a386-9d48e50a5985\" href=\"https:\/\/fundacoesufpel.com.br\/fdms\/wp-content\/uploads\/sites\/3\/2021\/03\/4-Escritura-Publica-de-Alteracao-de-Estatuto-FDMS-2018.pdf\" target=\"_blank\" rel=\"noreferrer noopener\"><strong>3\u00b0&nbsp;Altera\u00e7\u00e3o<\/strong>: Escritura de Altera\u00e7\u00e3o do Estatuto Social FDMS &#8211;&nbsp;09\/1\/2018<\/a><a href=\"https:\/\/fundacoesufpel.com.br\/fdms\/wp-content\/uploads\/sites\/3\/2021\/03\/4-Escritura-Publica-de-Alteracao-de-Estatuto-FDMS-2018.pdf\" class=\"wp-block-file__button wp-element-button\" download aria-describedby=\"wp-block-file--media-51a459af-084b-4348-a386-9d48e50a5985\">Baixar<\/a><\/div>\n\n\n\n<div class=\"wp-block-file\"><a id=\"wp-block-file--media-603ad73a-a834-4284-9e0d-9ee2792efd6c\" href=\"https:\/\/fundacoesufpel.com.br\/fdms\/wp-content\/uploads\/sites\/3\/2021\/03\/5-Escritura-Publica-de-Alteracao-de-Estatuto-FDMS-2019.pdf\" target=\"_blank\" rel=\"noreferrer noopener\"><strong>4\u00b0 Altera\u00e7\u00e3o:<\/strong>&nbsp;Escritura de Altera\u00e7\u00e3o do Estatuto Social FDMS &#8211;&nbsp;08\/08\/2019<\/a><a href=\"https:\/\/fundacoesufpel.com.br\/fdms\/wp-content\/uploads\/sites\/3\/2021\/03\/5-Escritura-Publica-de-Alteracao-de-Estatuto-FDMS-2019.pdf\" class=\"wp-block-file__button wp-element-button\" download aria-describedby=\"wp-block-file--media-603ad73a-a834-4284-9e0d-9ee2792efd6c\">Baixar<\/a><\/div>\n\n\n\n<div class=\"wp-block-file\"><a id=\"wp-block-file--media-ada64d5b-f91f-46fe-875d-539a581f711e\" href=\"https:\/\/fundacoesufpel.com.br\/fdms\/wp-content\/uploads\/sites\/3\/2021\/05\/6-Retificacao-e-Ratificacao-de-alteracao-do-estatuto-social-FDMS-2a-registrada.pdf\" target=\"_blank\" rel=\"noreferrer noopener\"><strong>5\u00b0 Altera\u00e7\u00e3o:<\/strong> Escritura P\u00fablica de Retifica\u00e7\u00e3o e Ratifica\u00e7\u00e3o de Altera\u00e7\u00e3o do Estatuto Social FDMS &#8211; 07\/10\/2019 <\/a><a href=\"https:\/\/fundacoesufpel.com.br\/fdms\/wp-content\/uploads\/sites\/3\/2021\/05\/6-Retificacao-e-Ratificacao-de-alteracao-do-estatuto-social-FDMS-2a-registrada.pdf\" class=\"wp-block-file__button wp-element-button\" download aria-describedby=\"wp-block-file--media-ada64d5b-f91f-46fe-875d-539a581f711e\">Baixar<\/a><\/div>\n\n\n\n<div class=\"wp-block-file\"><a id=\"wp-block-file--media-99205c12-e277-4684-81a8-e7929b2464c1\" href=\"https:\/\/fundacoesufpel.com.br\/fdms\/wp-content\/uploads\/sites\/3\/2023\/05\/6.Escritura-Publica-de-Alt.-Estatutaria-FDMS-2023.pdf\" target=\"_blank\" rel=\"noreferrer noopener\"><strong>6\u00b0 Altera\u00e7\u00e3o: <\/strong>Escritura P\u00fablica de Altera\u00e7\u00e3o de Estatuto Social FDMS-\u00a009\/03\/2023<em>\u00a0<\/em><strong><em>(vigente)<\/em><\/strong><\/a><a href=\"https:\/\/fundacoesufpel.com.br\/fdms\/wp-content\/uploads\/sites\/3\/2023\/05\/6.Escritura-Publica-de-Alt.-Estatutaria-FDMS-2023.pdf\" class=\"wp-block-file__button wp-element-button\" download aria-describedby=\"wp-block-file--media-99205c12-e277-4684-81a8-e7929b2464c1\">Baixar<\/a><\/div>\n\n\n\n<p><\/p>\n\n\n\n<p class=\"has-medium-font-size\"><strong>Estatuto Social FDMS<\/strong> <\/p>\n\n\n\n<div class=\"wp-block-file\"><a id=\"wp-block-file--media-36502140-7fb9-4886-ac71-f2839909245c\" href=\"https:\/\/fundacoesufpel.com.br\/fdms\/wp-content\/uploads\/sites\/3\/2020\/11\/Estatuto-Social-Alterado-FDMS-2019.pdf\" target=\"_blank\" rel=\"noreferrer noopener\"><strong>Estatuto Social Alterado FDMS 2019<\/strong><\/a><a href=\"https:\/\/fundacoesufpel.com.br\/fdms\/wp-content\/uploads\/sites\/3\/2020\/11\/Estatuto-Social-Alterado-FDMS-2019.pdf\" class=\"wp-block-file__button wp-element-button\" download aria-describedby=\"wp-block-file--media-36502140-7fb9-4886-ac71-f2839909245c\">Baixar<\/a><\/div>\n\n\n\n<div class=\"wp-block-file\"><a id=\"wp-block-file--media-d121847b-2916-43ed-94bd-6ff4c748d78a\" href=\"https:\/\/fundacoesufpel.com.br\/fdms\/wp-content\/uploads\/sites\/3\/2023\/05\/Estatuto-Social-FDMS-2023-pag.-60-85-2.pdf\" target=\"_blank\" rel=\"noreferrer noopener\"><strong>Estatuto Social FDMS 2023<\/strong><\/a><a href=\"https:\/\/fundacoesufpel.com.br\/fdms\/wp-content\/uploads\/sites\/3\/2023\/05\/Estatuto-Social-FDMS-2023-pag.-60-85-2.pdf\" class=\"wp-block-file__button wp-element-button\" download aria-describedby=\"wp-block-file--media-d121847b-2916-43ed-94bd-6ff4c748d78a\">Baixar<\/a><\/div>\n","protected":false},"excerpt":{"rendered":"<p>Estatuto Social FDMS<\/p>\n","protected":false},"author":1,"featured_media":0,"parent":0,"menu_order":0,"comment_status":"closed","ping_status":"closed","template":"","meta":{"jetpack_post_was_ever_published":false,"footnotes":""},"class_list":["post-4044","page","type-page","status-publish","hentry"],"jetpack_sharing_enabled":true,"jetpack_likes_enabled":true,"jetpack-related-posts":[{"id":3614,"url":"https:\/\/fundacoesufpel.com.br\/fdms\/ordens-internas-pareceres\/","url_meta":{"origin":4044,"position":0},"title":"Ordens Internas e Pareceres","author":"admin","date":"11\/12\/2020","format":false,"excerpt":"Com intuito de aprimorar e normatizar os procedimentos e fluxos internos\/externos, vimos informar as ordens internas que regulamentam algumas a\u00e7\u00f5es: Ordem Interna n\u00ba 01\u00a0- Regulamenta o funcionamento das assinaturas dos diretores para realiza\u00e7\u00e3o de pagamentos Ordem Interna n\u00b0 02\u00a0- Regulamenta o funcionamento da publica\u00e7\u00e3o de editais de sele\u00e7\u00e3o de bolsistas\u2026","rel":"","context":"Post similar","block_context":{"text":"Post similar","link":""},"img":{"alt_text":"","src":"","width":0,"height":0},"classes":[]},{"id":8716,"url":"https:\/\/fundacoesufpel.com.br\/fdms\/projetos-culturais\/","url_meta":{"origin":4044,"position":1},"title":"Projetos Culturais","author":"leandrojunior","date":"02\/10\/2024","format":false,"excerpt":"A FDMS apoia a execu\u00e7\u00e3o dos projetos desde a sua concep\u00e7\u00e3o at\u00e9 a finaliza\u00e7\u00e3o, disponibilizando o suporte necess\u00e1rio ao desenvolvimento de iniciativas que requerem rela\u00e7\u00f5es com o ambiente externo por meio de conv\u00eanios, contratos e acordos. Dentre as \u00e1reas de atua\u00e7\u00e3o da Funda\u00e7\u00e3o est\u00e3o registrados os seguintes CNAES: 85.92-9-99 \u2013\u2026","rel":"","context":"Post similar","block_context":{"text":"Post similar","link":""},"img":{"alt_text":"","src":"https:\/\/i0.wp.com\/fundacoesufpel.com.br\/fdms\/wp-content\/uploads\/sites\/3\/2025\/02\/Pro-cultura_Governo-do-Estado_POSITIVA_V.png?resize=350%2C200&ssl=1","width":350,"height":200,"srcset":"https:\/\/i0.wp.com\/fundacoesufpel.com.br\/fdms\/wp-content\/uploads\/sites\/3\/2025\/02\/Pro-cultura_Governo-do-Estado_POSITIVA_V.png?resize=350%2C200&ssl=1 1x, https:\/\/i0.wp.com\/fundacoesufpel.com.br\/fdms\/wp-content\/uploads\/sites\/3\/2025\/02\/Pro-cultura_Governo-do-Estado_POSITIVA_V.png?resize=525%2C300&ssl=1 1.5x, https:\/\/i0.wp.com\/fundacoesufpel.com.br\/fdms\/wp-content\/uploads\/sites\/3\/2025\/02\/Pro-cultura_Governo-do-Estado_POSITIVA_V.png?resize=700%2C400&ssl=1 2x, https:\/\/i0.wp.com\/fundacoesufpel.com.br\/fdms\/wp-content\/uploads\/sites\/3\/2025\/02\/Pro-cultura_Governo-do-Estado_POSITIVA_V.png?resize=1050%2C600&ssl=1 3x, https:\/\/i0.wp.com\/fundacoesufpel.com.br\/fdms\/wp-content\/uploads\/sites\/3\/2025\/02\/Pro-cultura_Governo-do-Estado_POSITIVA_V.png?resize=1400%2C800&ssl=1 4x"},"classes":[]},{"id":2319,"url":"https:\/\/fundacoesufpel.com.br\/fdms\/programa-de-integridade\/","url_meta":{"origin":4044,"position":2},"title":"Programa de Integridade","author":"admin","date":"06\/11\/2020","format":false,"excerpt":"Na data de\u00a001\/10\/2020\u00a0foi criado o Comit\u00ea de \u00c9tica e Compliance pela\u00a0Funda\u00e7\u00e3o Delfim Mendes Silveira\u00a0com o objetivo de implementar um\u00a0Programa Integridade para ado\u00e7\u00e3o de medidas e a\u00e7\u00f5es institucionais destinadas \u00e0 preven\u00e7\u00e3o, \u00e0 detec\u00e7\u00e3o, \u00e0 puni\u00e7\u00e3o e \u00e0 remedia\u00e7\u00e3o de fraudes e atos de corrup\u00e7\u00e3o em apoio \u00e0 boa governan\u00e7a. A Diretoria\u2026","rel":"","context":"Post similar","block_context":{"text":"Post similar","link":""},"img":{"alt_text":"","src":"https:\/\/i0.wp.com\/fundacoesufpel.com.br\/fdms\/wp-content\/uploads\/sites\/3\/2022\/07\/Imagem-para-o-site.png?resize=350%2C200&ssl=1","width":350,"height":200},"classes":[]},{"id":7395,"url":"https:\/\/fundacoesufpel.com.br\/fdms\/comissao-de-selecao-publica-de-fornecedores\/","url_meta":{"origin":4044,"position":3},"title":"Comiss\u00e3o de Sele\u00e7\u00e3o P\u00fablica de Fornecedores","author":"","date":"22\/05\/2023","format":false,"excerpt":"Comiss\u00e3o Permanente de Sele\u00e7\u00e3o P\u00fablica de Fornecedores Autoridade Competente1 - C\u00c9SAR DALMOLIN BERGOLI Pregoeiro1 - GABRIELA SCHMALFUSS MARTINS2 - LUCAS DA SILVA LEDEBUHR3 - MATHEUS DIAS RIBEIRO KONDO Equipe de Apoio1 - RENATA TAJES CARDOZO2 -\u00a0LUCAS DA SILVA LEDEBUHR3 - MATHEUS DIAS RIBEIRO KONDO COMISS\u00c3O DE SELE\u00c7\u00c3O - ClicksignBaixar","rel":"","context":"Post similar","block_context":{"text":"Post similar","link":""},"img":{"alt_text":"","src":"","width":0,"height":0},"classes":[]},{"id":4587,"url":"https:\/\/fundacoesufpel.com.br\/fdms\/projetos-de-extensao\/","url_meta":{"origin":4044,"position":4},"title":"Projetos de Extens\u00e3o &#8211; Conhecimento e Servi\u00e7os para a Comunidade.","author":"admin","date":"25\/08\/2021","format":false,"excerpt":"Portf\u00f3lio - Acesse clicando aqui. Durante os primeiros meses de gest\u00e3o realizamos uma an\u00e1lise de cen\u00e1rio e identificamos que os desafios postos para o enfrentamento do atual momento pol\u00edtico, econ\u00f4mico e social s\u00e3o abissais. \u00c9 imperativo que estrat\u00e9gias para tal enfrentamento sejam implementadas. A unidade de apoio \u00e0 Universidade Federal\u2026","rel":"","context":"Post similar","block_context":{"text":"Post similar","link":""},"img":{"alt_text":"","src":"","width":0,"height":0},"classes":[]},{"id":1814,"url":"https:\/\/fundacoesufpel.com.br\/fdms\/instituicao-apoiada\/","url_meta":{"origin":4044,"position":5},"title":"Institui\u00e7\u00f5es apoiadas","author":"admin","date":"18\/09\/2020","format":false,"excerpt":"Credenciada e autorizada como Funda\u00e7\u00e3o de Apoio \u00e0 Universidades, a FDMS visa dar suporte ao desenvolvimento da inova\u00e7\u00e3o e da pesquisa cient\u00edfica e tecnol\u00f3gica, criando condi\u00e7\u00f5es mais prop\u00edcias para que as Universidades estabele\u00e7am rela\u00e7\u00f5es com o ambiente externo atrav\u00e9s de conv\u00eanios, contratos e acordos. Universidade Federal de Pelotas A UFPel\u2026","rel":"","context":"Post similar","block_context":{"text":"Post similar","link":""},"img":{"alt_text":"","src":"https:\/\/i0.wp.com\/fundacoesufpel.com.br\/fdms\/wp-content\/uploads\/sites\/3\/2025\/04\/Marca-IFFar-vertical-1-scaled.png?resize=350%2C200&ssl=1","width":350,"height":200,"srcset":"https:\/\/i0.wp.com\/fundacoesufpel.com.br\/fdms\/wp-content\/uploads\/sites\/3\/2025\/04\/Marca-IFFar-vertical-1-scaled.png?resize=350%2C200&ssl=1 1x, https:\/\/i0.wp.com\/fundacoesufpel.com.br\/fdms\/wp-content\/uploads\/sites\/3\/2025\/04\/Marca-IFFar-vertical-1-scaled.png?resize=525%2C300&ssl=1 1.5x, https:\/\/i0.wp.com\/fundacoesufpel.com.br\/fdms\/wp-content\/uploads\/sites\/3\/2025\/04\/Marca-IFFar-vertical-1-scaled.png?resize=700%2C400&ssl=1 2x, https:\/\/i0.wp.com\/fundacoesufpel.com.br\/fdms\/wp-content\/uploads\/sites\/3\/2025\/04\/Marca-IFFar-vertical-1-scaled.png?resize=1050%2C600&ssl=1 3x, https:\/\/i0.wp.com\/fundacoesufpel.com.br\/fdms\/wp-content\/uploads\/sites\/3\/2025\/04\/Marca-IFFar-vertical-1-scaled.png?resize=1400%2C800&ssl=1 4x"},"classes":[]}],"jetpack_shortlink":"https:\/\/wp.me\/PcrDaD-13e","_links":{"self":[{"href":"https:\/\/fundacoesufpel.com.br\/fdms\/wp-json\/wp\/v2\/pages\/4044","targetHints":{"allow":["GET"]}}],"collection":[{"href":"https:\/\/fundacoesufpel.com.br\/fdms\/wp-json\/wp\/v2\/pages"}],"about":[{"href":"https:\/\/fundacoesufpel.com.br\/fdms\/wp-json\/wp\/v2\/types\/page"}],"author":[{"embeddable":true,"href":"https:\/\/fundacoesufpel.com.br\/fdms\/wp-json\/wp\/v2\/users\/1"}],"replies":[{"embeddable":true,"href":"https:\/\/fundacoesufpel.com.br\/fdms\/wp-json\/wp\/v2\/comments?post=4044"}],"version-history":[{"count":15,"href":"https:\/\/fundacoesufpel.com.br\/fdms\/wp-json\/wp\/v2\/pages\/4044\/revisions"}],"predecessor-version":[{"id":7428,"href":"https:\/\/fundacoesufpel.com.br\/fdms\/wp-json\/wp\/v2\/pages\/4044\/revisions\/7428"}],"wp:attachment":[{"href":"https:\/\/fundacoesufpel.com.br\/fdms\/wp-json\/wp\/v2\/media?parent=4044"}],"curies":[{"name":"wp","href":"https:\/\/api.w.org\/{rel}","templated":true}]}}