{"id":27,"date":"2020-08-04T16:03:00","date_gmt":"2020-08-04T19:03:00","guid":{"rendered":"http:\/\/www2.fundacoesufpel.com.br\/fau-1\/?page_id=27"},"modified":"2024-01-29T23:23:56","modified_gmt":"2024-01-30T02:23:56","slug":"solucoes","status":"publish","type":"page","link":"https:\/\/fundacoesufpel.com.br\/fdms\/solucoes\/","title":{"rendered":"Solu\u00e7\u00f5es"},"content":{"rendered":"<div id=\"pl-27\"  class=\"panel-layout\" ><div id=\"pg-27-0\"  class=\"panel-grid panel-no-style\" ><div id=\"pgc-27-0-0\"  class=\"panel-grid-cell\" ><div id=\"panel-27-0-0-0\" class=\"widget_text so-panel widget widget_custom_html panel-first-child panel-last-child\" data-index=\"0\" ><div class=\"widget_text itens-solucoes panel-widget-style panel-widget-style-for-27-0-0-0\" ><div class=\"textwidget custom-html-widget\"><h3>Apoio em Todas Fases do Projeto<\/h3>\n<br>\n<p>Apoio em todas as fases do projeto, desde o in\u00edcio at\u00e9 a presta\u00e7\u00e3o de contas.<\/p>\n<\/div><\/div><\/div><\/div><div id=\"pgc-27-0-1\"  class=\"panel-grid-cell\" ><div id=\"panel-27-0-1-0\" class=\"widget_text so-panel widget widget_custom_html panel-first-child panel-last-child\" data-index=\"1\" ><div class=\"widget_text itens-solucoes panel-widget-style panel-widget-style-for-27-0-1-0\" ><div class=\"textwidget custom-html-widget\"><h3>Gest\u00e3o Online<\/h3>\n<br>\n<p>Gest\u00e3o administrativa e financeira atrav\u00e9s de um Sistema de Administra\u00e7\u00e3o e Gest\u00e3o Integrada \u2013 SAGI, que oferece praticidade ao Coordenador para acompanhar a execu\u00e7\u00e3o do projeto facilitando as atividades do pesquisador.<\/p>\n<\/div><\/div><\/div><\/div><div id=\"pgc-27-0-2\"  class=\"panel-grid-cell\" ><div id=\"panel-27-0-2-0\" class=\"widget_text so-panel widget widget_custom_html panel-first-child panel-last-child\" data-index=\"2\" ><div class=\"widget_text itens-solucoes panel-widget-style panel-widget-style-for-27-0-2-0\" ><div class=\"textwidget custom-html-widget\"><h3>Execu\u00e7\u00e3o de Processos<\/h3>\n<br>\n<p>Processos nas \u00e1reas financeira, cont\u00e1bil, compras, importa\u00e7\u00f5es, contrata\u00e7\u00e3o de pessoal, assessoria jur\u00eddica, presta\u00e7\u00e3o de contas.<\/p>\n<\/div><\/div><\/div><\/div><\/div><div id=\"pg-27-1\"  class=\"panel-grid panel-has-style\" ><div class=\"panel-row-style panel-row-style-for-27-1\" ><div id=\"pgc-27-1-0\"  class=\"panel-grid-cell\" ><div id=\"panel-27-1-0-0\" class=\"so-panel widget widget_themegrill_flash_heading tg-widget section-title-wrapper panel-first-child\" data-index=\"3\" >\t<h3 class=\"section-title\">Fases do Projeto<\/h3>\n<\/div><div id=\"panel-27-1-0-1\" class=\"so-panel widget widget_siteorigin-panels-builder panel-last-child\" data-index=\"4\" ><div id=\"pl-w65b85dbce2745\"  class=\"panel-layout\" ><div id=\"pg-w65b85dbce2745-0\"  class=\"panel-grid panel-has-style\" ><div class=\"panel-row-style panel-row-style-for-w65b85dbce2745-0\" ><div id=\"pgc-w65b85dbce2745-0-0\"  class=\"panel-grid-cell\" ><div id=\"panel-w65b85dbce2745-0-0-0\" class=\"widget_text so-panel widget widget_custom_html panel-first-child panel-last-child\" data-index=\"0\" ><div class=\"textwidget custom-html-widget\"><div style=\"margin-top: 0px;padding-top: 0px;vertical-align: top;border: none\">\n\t<div id=\"panel-27-1-0-1\" class=\"so-panel widget widget_themegrill_flash_service tg-widget tg-single-service\" data-index=\"4\">\n\t\t<div class=\"fases-do-projeto panel-widget-style panel-widget-style-for-27-1-0-1\">\n\t\t\t<div class=\"tg-service-widget tg-service-layout-1\">\n\t\t\t\t<div class=\"service-wrapper\">\n\t\t\t\t\t<div class=\"service-icon-title-wrapper clearfix\">\n\t\t\t\t\t\t<figure class=\"service-image-wrap\"><img decoding=\"async\" data-recalc-dims=\"1\" src=\"https:\/\/i0.wp.com\/fundacoesufpel.com.br\/fdms\/wp-content\/uploads\/sites\/3\/2020\/09\/fases_do_projeto_1_amarelo.png?w=780&#038;ssl=1\"><\/figure>\n\t\t\t\t\t\t<h3 class=\"service-title-wrap\">Inicia\u00e7\u00e3o e Planejamento<\/h3>\n\t\t\t\t\t<\/div>\n\t\t\t\t<\/div>\n\t\t\t<\/div>\n\t\t<\/div>\n\t<\/div>\n<\/div><\/div><\/div><\/div><div id=\"pgc-w65b85dbce2745-0-1\"  class=\"panel-grid-cell\" ><div id=\"panel-w65b85dbce2745-0-1-0\" class=\"widget_text so-panel widget widget_custom_html panel-first-child panel-last-child\" data-index=\"1\" ><div class=\"textwidget custom-html-widget\"><div style=\"margin-top: 0px;padding-top: 0px;vertical-align: top;color: #777;border: none;text-align: justify;\" >\n\t<div class=\"service-content-wrap\">Abrange os procedimentos necess\u00e1rios \u00e0 formaliza\u00e7\u00e3o do in\u00edcio do projeto por meio de contratos, acordos ou ajustes individualizados com objetos espec\u00edficos e prazos determinados (art. 1\u00ba da Lei n\u00ba 8.958\/94 e art. 8\u00ba do Dec. n\u00ba 7.423\/10). O planejamento \u00e9 composto no Plano de Trabalho, que \u00e9 um documento que registra como a equipe do projeto ir\u00e1 execut\u00e1-lo e objetiva orientar e gerenciar o trabalho do projeto. Cont\u00e9m os dados cadastrais, a descri\u00e7\u00e3o do projeto\/objetivo, per\u00edodo de execu\u00e7\u00e3o, o cronograma de execu\u00e7\u00e3o com as metas\/etapas, o plano de aplica\u00e7\u00e3o com a especifica\u00e7\u00e3o da natureza da despesa, o cronograma de desembolso e equipe t\u00e9cnica.\t<\/div>\n<\/div><\/div><\/div><\/div><\/div><\/div><div id=\"pg-w65b85dbce2745-1\"  class=\"panel-grid panel-has-style\" ><div class=\"panel-row-style panel-row-style-for-w65b85dbce2745-1\" ><div id=\"pgc-w65b85dbce2745-1-0\"  class=\"panel-grid-cell\" ><div id=\"panel-w65b85dbce2745-1-0-0\" class=\"widget_text so-panel widget widget_custom_html panel-first-child panel-last-child\" data-index=\"2\" ><div class=\"textwidget custom-html-widget\"><div style=\"margin-top: 0px;padding-top: 0px;vertical-align: top;border: none\">\n\t<div id=\"panel-27-1-0-1\" class=\"so-panel widget widget_themegrill_flash_service tg-widget tg-single-service\" data-index=\"4\">\n\t\t<div class=\"fases-do-projeto panel-widget-style panel-widget-style-for-27-1-0-1\">\n\t\t\t<div class=\"tg-service-widget tg-service-layout-1\">\n\t\t\t\t<div class=\"service-wrapper\">\n\t\t\t\t\t<div class=\"service-icon-title-wrapper clearfix\">\n\t\t\t\t\t\t<figure class=\"service-image-wrap\"><img decoding=\"async\" data-recalc-dims=\"1\" src=\"https:\/\/i0.wp.com\/fundacoesufpel.com.br\/fdms\/wp-content\/uploads\/sites\/3\/2020\/09\/fases_do_projeto_2_amarelo.png?w=780&#038;ssl=1\"><\/figure>\n\t\t\t\t\t\t<h3 class=\"service-title-wrap\">Execu\u00e7\u00e3o<\/h3>\n\t\t\t\t\t<\/div>\n\t\t\t\t<\/div>\n\t\t\t<\/div>\n\t\t<\/div>\n\t<\/div>\n<\/div><\/div><\/div><\/div><div id=\"pgc-w65b85dbce2745-1-1\"  class=\"panel-grid-cell\" ><div id=\"panel-w65b85dbce2745-1-1-0\" class=\"widget_text so-panel widget widget_custom_html panel-first-child panel-last-child\" data-index=\"3\" ><div class=\"textwidget custom-html-widget\"><div style=\"margin-top: 0px;padding-top: 0px;vertical-align: top;color: #777;border: none;text-align: justify;\" >\n\t<div class=\"service-content-wrap\">A execu\u00e7\u00e3o do projeto inclui os processos necess\u00e1rios para comprar\/adquirir produtos e servi\u00e7os inerentes \u00e0 obten\u00e7\u00e3o dos resultados do projeto. Todos processos de compra\/contrata\u00e7\u00e3o s\u00e3o realizados pela equipe de Compras e Licita\u00e7\u00f5es da Funda\u00e7\u00e3o.<\/div>\n<\/div><\/div><\/div><\/div><\/div><\/div><div id=\"pg-w65b85dbce2745-2\"  class=\"panel-grid panel-has-style\" ><div class=\"panel-row-style panel-row-style-for-w65b85dbce2745-2\" ><div id=\"pgc-w65b85dbce2745-2-0\"  class=\"panel-grid-cell\" ><div id=\"panel-w65b85dbce2745-2-0-0\" class=\"widget_text so-panel widget widget_custom_html panel-first-child panel-last-child\" data-index=\"4\" ><div class=\"textwidget custom-html-widget\"><div style=\"margin-top: 0px;padding-top: 0px;vertical-align: top;border: none\">\n\t<div id=\"panel-27-1-0-1\" class=\"so-panel widget widget_themegrill_flash_service tg-widget tg-single-service\" data-index=\"4\">\n\t\t<div class=\"fases-do-projeto panel-widget-style panel-widget-style-for-27-1-0-1\">\n\t\t\t<div class=\"tg-service-widget tg-service-layout-1\">\n\t\t\t\t<div class=\"service-wrapper\">\n\t\t\t\t\t<div class=\"service-icon-title-wrapper clearfix\">\n\t\t\t\t\t\t<figure class=\"service-image-wrap\"><img decoding=\"async\" data-recalc-dims=\"1\" src=\"https:\/\/i0.wp.com\/fundacoesufpel.com.br\/fdms\/wp-content\/uploads\/sites\/3\/2020\/09\/fases_do_projeto_3_amarelo.png?w=780&#038;ssl=1\"><\/figure>\n\t\t\t\t\t\t<h3 class=\"service-title-wrap\">Monitoramento \/ Controle<\/h3>\n\t\t\t\t\t<\/div>\n\t\t\t\t<\/div>\n\t\t\t<\/div>\n\t\t<\/div>\n\t<\/div>\n<\/div><\/div><\/div><\/div><div id=\"pgc-w65b85dbce2745-2-1\"  class=\"panel-grid-cell\" ><div id=\"panel-w65b85dbce2745-2-1-0\" class=\"widget_text so-panel widget widget_custom_html panel-first-child panel-last-child\" data-index=\"5\" ><div class=\"textwidget custom-html-widget\"><div style=\"margin-top: 0px;padding-top: 0px;vertical-align: top;color: #777;border: none;text-align: justify;\" >\n\t<div class=\"service-content-wrap\">Visa garantir que os recursos estejam dispon\u00edveis conforme planejado, executando a\u00e7\u00f5es corretivas quando necess\u00e1rio (ajustes no Plano de Trabalho e aditivos). Inclui os processos para gerenciar os recursos para a conclus\u00e3o bem-sucedida do projeto. O controle externo \u00e9 realizado atrav\u00e9s da Se\u00e7\u00e3o de Acompanhamento e Controle\/CCONC\/UFPel e pode ser realizado pela comunidade consultado o site da Funda\u00e7\u00e3o, no espa\u00e7o que atende o Art. 4\u00ba -A da Lei 8.958\/94, referente \u00e0 Transpar\u00eancia dos projetos executados.<\/div>\n<\/div><\/div><\/div><\/div><\/div><\/div><div id=\"pg-w65b85dbce2745-3\"  class=\"panel-grid panel-has-style\" ><div class=\"panel-row-style panel-row-style-for-w65b85dbce2745-3\" ><div id=\"pgc-w65b85dbce2745-3-0\"  class=\"panel-grid-cell\" ><div id=\"panel-w65b85dbce2745-3-0-0\" class=\"widget_text so-panel widget widget_custom_html panel-first-child panel-last-child\" data-index=\"6\" ><div class=\"textwidget custom-html-widget\"><div style=\"margin-top: 0px;padding-top: 0px;vertical-align: top;border: none\">\n\t<div id=\"panel-27-1-0-1\" class=\"so-panel widget widget_themegrill_flash_service tg-widget tg-single-service\" data-index=\"4\">\n\t\t<div class=\"fases-do-projeto panel-widget-style panel-widget-style-for-27-1-0-1\">\n\t\t\t<div class=\"tg-service-widget tg-service-layout-1\">\n\t\t\t\t<div class=\"service-wrapper\">\n\t\t\t\t\t<div class=\"service-icon-title-wrapper clearfix\">\n\t\t\t\t\t\t<figure class=\"service-image-wrap\"><img decoding=\"async\" data-recalc-dims=\"1\" src=\"https:\/\/i0.wp.com\/fundacoesufpel.com.br\/fdms\/wp-content\/uploads\/sites\/3\/2020\/09\/fases_do_projeto_4_amarelo.png?w=780&#038;ssl=1\"><\/figure>\n\t\t\t\t\t\t<h3 class=\"service-title-wrap\">Encerramento<\/h3>\n\t\t\t\t\t<\/div>\n\t\t\t\t<\/div>\n\t\t\t<\/div>\n\t\t<\/div>\n\t<\/div>\n<\/div><\/div><\/div><\/div><div id=\"pgc-w65b85dbce2745-3-1\"  class=\"panel-grid-cell\" ><div id=\"panel-w65b85dbce2745-3-1-0\" class=\"widget_text so-panel widget widget_custom_html panel-first-child panel-last-child\" data-index=\"7\" ><div class=\"textwidget custom-html-widget\"><div style=\"margin-top: 0px;padding-top: 0px;vertical-align: top;color: #777;border: none;text-align: justify;\" >\n\t<div class=\"service-content-wrap\">\u00c9 o processo de finaliza\u00e7\u00e3o de todas as atividades, de todos os grupos de processos do projeto, encerrando-o formalmente atrav\u00e9s da Presta\u00e7\u00e3o de Contas. Na Presta\u00e7\u00e3o de Contas dever\u00e1 ser demonstrado o cumprimento do objeto proposto inicialmente, bem como todas as despesas executadas. Ap\u00f3s a concilia\u00e7\u00e3o banc\u00e1ria o saldo remanescente, incluindo os rendimentos de aplica\u00e7\u00e3o financeira, n\u00e3o utilizados no objeto pactuado ser\u00e3o devolvidos \u00e0 Conta \u00danica do Tesouro, mediante Guia de Recolhimento da Uni\u00e3o - GRU.<\/div>\n<\/div><\/div><\/div><\/div><\/div><\/div><\/div><\/div><\/div><div id=\"pgc-27-1-1\"  class=\"panel-grid-cell\" ><div id=\"panel-27-1-1-0\" class=\"so-panel widget widget_themegrill_flash_service tg-widget tg-single-service panel-first-child\" data-index=\"5\" ><div class=\"itens-fau panel-widget-style panel-widget-style-for-27-1-1-0\" >\n<div class=\"tg-service-widget tg-service-layout-1\">\n\t<div class=\"service-wrapper\">\n\t\t<div class=\"service-icon-title-wrapper clearfix\">\n\t\t\t\t\t\t<div class=\"service-icon-wrap\"><i class=\"fa fa-home\"><\/i><\/div>\n\t\t\t\t\t\t\t\t\t\t\t\t<h3 class=\"service-title-wrap\">\n\t\t\t\t\t\t\t\t<a href=\"https:\/\/fundacoesufpel.com.br\/fdms\/sobre-a-fdms\/\">\n\t\t\t\tSobre\t\t\t\t\t\t\t\t<\/a>\n\t\t\t\t\t\t\t<\/h3>\n\t\t\t\t\t<\/div>\n\t\t\t\t\t\t<a class=\"service-more\" href=\"https:\/\/fundacoesufpel.com.br\/fdms\/sobre-a-fdms\/\"><\/a>\n\t\t\t<\/div>\n<\/div>\n<\/div><\/div><div id=\"panel-27-1-1-1\" class=\"so-panel widget widget_themegrill_flash_service tg-widget tg-single-service\" data-index=\"6\" ><div class=\"itens-fau panel-widget-style panel-widget-style-for-27-1-1-1\" >\n<div class=\"tg-service-widget tg-service-layout-1\">\n\t<div class=\"service-wrapper\">\n\t\t<div class=\"service-icon-title-wrapper clearfix\">\n\t\t\t\t\t\t<div class=\"service-icon-wrap\"><i class=\"fa fa-clone\"><\/i><\/div>\n\t\t\t\t\t\t\t\t\t\t\t\t<h3 class=\"service-title-wrap\">\n\t\t\t\t\t\t\t\t<a href=\"https:\/\/fundacoesufpel.com.br\/fdms\/wp-content\/uploads\/sites\/3\/2020\/09\/ESCRITURA-DE-ALTERACAO-DO-ESTATUTO-SOCIAL-DA-FDMS.pdf\">\n\t\t\t\tEstatuto\t\t\t\t\t\t\t\t<\/a>\n\t\t\t\t\t\t\t<\/h3>\n\t\t\t\t\t<\/div>\n\t\t\t\t\t\t<a class=\"service-more\" href=\"https:\/\/fundacoesufpel.com.br\/fdms\/wp-content\/uploads\/sites\/3\/2020\/09\/ESCRITURA-DE-ALTERACAO-DO-ESTATUTO-SOCIAL-DA-FDMS.pdf\"><\/a>\n\t\t\t<\/div>\n<\/div>\n<\/div><\/div><div id=\"panel-27-1-1-2\" class=\"so-panel widget widget_themegrill_flash_service tg-widget tg-single-service panel-last-child\" data-index=\"7\" ><div class=\"itens-fau panel-widget-style panel-widget-style-for-27-1-1-2\" >\n<div class=\"tg-service-widget tg-service-layout-1\">\n\t<div class=\"service-wrapper\">\n\t\t<div class=\"service-icon-title-wrapper clearfix\">\n\t\t\t\t\t\t<div class=\"service-icon-wrap\"><i class=\"fa fa-users\"><\/i><\/div>\n\t\t\t\t\t\t\t\t\t\t\t\t<h3 class=\"service-title-wrap\">\n\t\t\t\t\t\t\t\t<a href=\"https:\/\/fundacoesufpel.com.br\/fdms\/estrutura-equipe\/\">\n\t\t\t\tEquipe\t\t\t\t\t\t\t\t<\/a>\n\t\t\t\t\t\t\t<\/h3>\n\t\t\t\t\t<\/div>\n\t\t\t\t\t\t<a class=\"service-more\" href=\"https:\/\/fundacoesufpel.com.br\/fdms\/estrutura-equipe\/\"><\/a>\n\t\t\t<\/div>\n<\/div>\n<\/div><\/div><\/div><\/div><\/div><\/div>","protected":false},"excerpt":{"rendered":"<p>Apoio em Todas Fases do Projeto Apoio em todas as fases do projeto, desde o in\u00edcio at\u00e9 a presta\u00e7\u00e3o de [&hellip;]<\/p>\n","protected":false},"author":1,"featured_media":0,"parent":0,"menu_order":0,"comment_status":"closed","ping_status":"closed","template":"page-templates\/full-width.php","meta":{"jetpack_post_was_ever_published":false,"footnotes":""},"class_list":["post-27","page","type-page","status-publish","hentry"],"jetpack_sharing_enabled":true,"jetpack_likes_enabled":true,"jetpack-related-posts":[{"id":2022,"url":"https:\/\/fundacoesufpel.com.br\/fdms\/sobre-a-fau\/","url_meta":{"origin":27,"position":0},"title":"Sobre a FAU","author":"admin","date":"04\/08\/2020","format":false,"excerpt":"","rel":"","context":"Post similar","block_context":{"text":"Post similar","link":""},"img":{"alt_text":"","src":"","width":0,"height":0},"classes":[]},{"id":68,"url":"https:\/\/fundacoesufpel.com.br\/fdms\/legislacao\/","url_meta":{"origin":27,"position":1},"title":"Legisla\u00e7\u00e3o","author":"admin","date":"04\/08\/2020","format":false,"excerpt":"","rel":"","context":"Post similar","block_context":{"text":"Post similar","link":""},"img":{"alt_text":"","src":"","width":0,"height":0},"classes":[]},{"id":55,"url":"https:\/\/fundacoesufpel.com.br\/fdms\/ordens-internas-documentos-orientacao\/","url_meta":{"origin":27,"position":2},"title":"Documentos \/ Orienta\u00e7\u00f5es","author":"admin","date":"04\/08\/2020","format":false,"excerpt":"","rel":"","context":"Post similar","block_context":{"text":"Post similar","link":""},"img":{"alt_text":"","src":"","width":0,"height":0},"classes":[]},{"id":1279,"url":"https:\/\/fundacoesufpel.com.br\/fdms\/sobre-a-fdms\/","url_meta":{"origin":27,"position":3},"title":"Sobre a FDMS","author":"admin","date":"04\/08\/2020","format":false,"excerpt":"","rel":"","context":"Post similar","block_context":{"text":"Post similar","link":""},"img":{"alt_text":"","src":"","width":0,"height":0},"classes":[]},{"id":1360,"url":"https:\/\/fundacoesufpel.com.br\/fdms\/portal-da-transparencia\/","url_meta":{"origin":27,"position":4},"title":"Portal da Transpar\u00eancia","author":"admin","date":"10\/09\/2020","format":false,"excerpt":"","rel":"","context":"Post similar","block_context":{"text":"Post similar","link":""},"img":{"alt_text":"","src":"","width":0,"height":0},"classes":[]},{"id":642,"url":"https:\/\/fundacoesufpel.com.br\/fdms\/","url_meta":{"origin":27,"position":5},"title":"Home","author":"admin","date":"02\/01\/2017","format":false,"excerpt":"","rel":"","context":"Post similar","block_context":{"text":"Post similar","link":""},"img":{"alt_text":"","src":"","width":0,"height":0},"classes":[]}],"jetpack_shortlink":"https:\/\/wp.me\/PcrDaD-r","_links":{"self":[{"href":"https:\/\/fundacoesufpel.com.br\/fdms\/wp-json\/wp\/v2\/pages\/27","targetHints":{"allow":["GET"]}}],"collection":[{"href":"https:\/\/fundacoesufpel.com.br\/fdms\/wp-json\/wp\/v2\/pages"}],"about":[{"href":"https:\/\/fundacoesufpel.com.br\/fdms\/wp-json\/wp\/v2\/types\/page"}],"author":[{"embeddable":true,"href":"https:\/\/fundacoesufpel.com.br\/fdms\/wp-json\/wp\/v2\/users\/1"}],"replies":[{"embeddable":true,"href":"https:\/\/fundacoesufpel.com.br\/fdms\/wp-json\/wp\/v2\/comments?post=27"}],"version-history":[{"count":10,"href":"https:\/\/fundacoesufpel.com.br\/fdms\/wp-json\/wp\/v2\/pages\/27\/revisions"}],"predecessor-version":[{"id":8113,"href":"https:\/\/fundacoesufpel.com.br\/fdms\/wp-json\/wp\/v2\/pages\/27\/revisions\/8113"}],"wp:attachment":[{"href":"https:\/\/fundacoesufpel.com.br\/fdms\/wp-json\/wp\/v2\/media?parent=27"}],"curies":[{"name":"wp","href":"https:\/\/api.w.org\/{rel}","templated":true}]}}