{"id":1360,"date":"2020-09-10T14:48:54","date_gmt":"2020-09-10T17:48:54","guid":{"rendered":"http:\/\/www2.fundacoesufpel.com.br\/fau-1\/?page_id=1360"},"modified":"2025-11-17T13:27:27","modified_gmt":"2025-11-17T16:27:27","slug":"portal-da-transparencia","status":"publish","type":"page","link":"https:\/\/fundacoesufpel.com.br\/fdms\/portal-da-transparencia\/","title":{"rendered":"Portal da Transpar\u00eancia"},"content":{"rendered":"<div id=\"pl-1360\"  class=\"panel-layout\" ><div id=\"pg-1360-0\"  class=\"panel-grid panel-has-style\" ><div class=\"panel-row-style panel-row-style-for-1360-0\" ><div id=\"pgc-1360-0-0\"  class=\"panel-grid-cell\" ><div id=\"panel-1360-0-0-0\" class=\"widget_text so-panel widget widget_custom_html panel-first-child panel-last-child\" data-index=\"0\" ><div class=\"textwidget custom-html-widget\"><div  style=\"color:#7c7c7c; font-size:12px;\">\n\t<h4>A Funda\u00e7\u00e3o Delfim Mendes Silveira reafirma seu compromisso institucional com a\ntranspar\u00eancia, a publicidade dos atos administrativos e o acesso amplo \u00e0s\ninforma\u00e7\u00f5es de interesse p\u00fablico. Com este prop\u00f3sito, coloca \u00e0 disposi\u00e7\u00e3o da\ncomunidade acad\u00eamica, de parceiros institucionais e da sociedade em geral um\nconjunto de ferramentas que possibilitam a consulta clara, organizada e segura de\ndados relacionados \u00e0s suas atividades.<\/h4>\n<\/div><\/div><\/div><\/div><\/div><\/div><div id=\"pg-1360-1\"  class=\"panel-grid panel-has-style\" ><div class=\"panel-row-style panel-row-style-for-1360-1\" ><div id=\"pgc-1360-1-0\"  class=\"panel-grid-cell\" ><div id=\"panel-1360-1-0-0\" class=\"widget_text so-panel widget widget_custom_html panel-first-child\" data-index=\"1\" ><div class=\"textwidget custom-html-widget\"><div  style=\"color:#7c7c7c; font-size:15px;\">\n\t<p><b>Apresentam-se, a seguir, os principais canais oficiais de acesso \u00e0 informa\u00e7\u00e3o:<\/b><\/p>\n<\/div><\/div><\/div><div id=\"panel-1360-1-0-1\" class=\"so-panel widget widget_themegrill_flash_service tg-widget tg-single-service panel-last-child\" data-index=\"2\" >\n<div class=\"tg-service-widget tg-service-layout-1\">\n\t<div class=\"service-wrapper\">\n\t\t<div class=\"service-icon-title-wrapper clearfix\">\n\t\t\t\t\t\t<div class=\"service-icon-wrap\"><i class=\"fa fa-archive\"><\/i><\/div>\n\t\t\t\t\t\t\t\t\t\t\t\t<h3 class=\"service-title-wrap\">\n\t\t\t\t\t\t\t\t<a href=\"https:\/\/transparencia.fundacoesufpel.com.br\/transparenciafdms\/\">\n\t\t\t\tPortal da Transpar\u00eancia \u2013 FDMS\t\t\t\t\t\t\t\t<\/a>\n\t\t\t\t\t\t\t<\/h3>\n\t\t\t\t\t<\/div>\n\t\t\t\t<div class=\"service-content-wrap\">Ambiente estruturado para consulta de informa\u00e7\u00f5es institucionais, financeiras, or\u00e7ament\u00e1rias e operacionais, abrangendo dados referentes \u00e0 execu\u00e7\u00e3o de projetos, contratos, processos de compras, pessoal, documentos administrativos e demais demonstrativos de gest\u00e3o.<\/div>\n\t\t\t\t\t\t<a class=\"service-more\" href=\"https:\/\/transparencia.fundacoesufpel.com.br\/transparenciafdms\/\">Acesse: Portal da Transpar\u00eancia<\/a>\n\t\t\t<\/div>\n<\/div>\n<\/div><\/div><\/div><\/div><div id=\"pg-1360-2\"  class=\"panel-grid panel-has-style\" ><div class=\"panel-row-style panel-row-style-for-1360-2\" ><div id=\"pgc-1360-2-0\"  class=\"panel-grid-cell panel-grid-cell-empty\" ><\/div><\/div><\/div><div id=\"pg-1360-3\"  class=\"panel-grid panel-has-style\" ><div class=\"panel-row-style panel-row-style-for-1360-3\" ><div id=\"pgc-1360-3-0\"  class=\"panel-grid-cell\" ><div id=\"panel-1360-3-0-0\" class=\"so-panel widget widget_themegrill_flash_service tg-widget tg-single-service panel-first-child panel-last-child\" data-index=\"3\" >\n<div class=\"tg-service-widget tg-service-layout-1\">\n\t<div class=\"service-wrapper\">\n\t\t<div class=\"service-icon-title-wrapper clearfix\">\n\t\t\t\t\t\t<div class=\"service-icon-wrap\"><i class=\"fa fa-exchange\"><\/i><\/div>\n\t\t\t\t\t\t\t\t\t\t\t\t<h3 class=\"service-title-wrap\">\n\t\t\t\t\t\t\t\t<a href=\"https:\/\/fundacoesufpel.com.br\/fdms\/pagamento-bolsistas\/\">\n\t\t\t\tPagamentos Bolsistas\t\t\t\t\t\t\t\t<\/a>\n\t\t\t\t\t\t\t<\/h3>\n\t\t\t\t\t<\/div>\n\t\t\t\t<div class=\"service-content-wrap\">Espa\u00e7o destinado \u00e0 disponibiliza\u00e7\u00e3o das informa\u00e7\u00f5es relativas aos pagamentos de bolsas vinculadas aos projetos gerenciados pela FDMS, assegurando transpar\u00eancia, regularidade e rastreabilidade dos procedimentos.<\/div>\n\t\t\t\t\t\t<a class=\"service-more\" href=\"https:\/\/fundacoesufpel.com.br\/fdms\/pagamento-bolsistas\/\">Acesse: Pagamento de Bolsistas<\/a>\n\t\t\t<\/div>\n<\/div>\n<\/div><\/div><\/div><\/div><div id=\"pg-1360-4\"  class=\"panel-grid panel-has-style\" ><div class=\"panel-row-style panel-row-style-for-1360-4\" ><div id=\"pgc-1360-4-0\"  class=\"panel-grid-cell panel-grid-cell-empty\" ><\/div><\/div><\/div><div id=\"pg-1360-5\"  class=\"panel-grid panel-has-style\" ><div class=\"panel-row-style panel-row-style-for-1360-5\" ><div id=\"pgc-1360-5-0\"  class=\"panel-grid-cell\" ><div id=\"panel-1360-5-0-0\" class=\"so-panel widget widget_themegrill_flash_service tg-widget tg-single-service panel-first-child panel-last-child\" data-index=\"4\" >\n<div class=\"tg-service-widget tg-service-layout-1\">\n\t<div class=\"service-wrapper\">\n\t\t<div class=\"service-icon-title-wrapper clearfix\">\n\t\t\t\t\t\t<div class=\"service-icon-wrap\"><i class=\"fa fa-calendar-plus-o\"><\/i><\/div>\n\t\t\t\t\t\t\t\t\t\t\t\t<h3 class=\"service-title-wrap\">\n\t\t\t\t\t\t\t\t<a href=\"https:\/\/fundacoesufpel.com.br\/fdms\/prestacao-de-contas-anterior-a-2018\/\">\n\t\t\t\tPresta\u00e7\u00e3o de Contas \u2013 Per\u00edodos Anteriores a 2018\t\t\t\t\t\t\t\t<\/a>\n\t\t\t\t\t\t\t<\/h3>\n\t\t\t\t\t<\/div>\n\t\t\t\t<div class=\"service-content-wrap\">Se\u00e7\u00e3o que re\u00fane o acervo hist\u00f3rico das presta\u00e7\u00f5es de contas referentes \u00e0s atividades e projetos executados antes de 2018, disponibilizado para consulta p\u00fablica como parte do compromisso institucional com a mem\u00f3ria e a accountability.<\/div>\n\t\t\t\t\t\t<a class=\"service-more\" href=\"https:\/\/fundacoesufpel.com.br\/fdms\/prestacao-de-contas-anterior-a-2018\/\">Acesse: Presta\u00e7\u00e3o de contas anterior a 2018<\/a>\n\t\t\t<\/div>\n<\/div>\n<\/div><\/div><\/div><\/div><div id=\"pg-1360-6\"  class=\"panel-grid panel-has-style\" ><div class=\"panel-row-style panel-row-style-for-1360-6\" ><div id=\"pgc-1360-6-0\"  class=\"panel-grid-cell panel-grid-cell-empty\" ><\/div><\/div><\/div><div id=\"pg-1360-7\"  class=\"panel-grid panel-has-style\" ><div class=\"panel-row-style panel-row-style-for-1360-7\" ><div id=\"pgc-1360-7-0\"  class=\"panel-grid-cell\" ><div id=\"panel-1360-7-0-0\" class=\"widget_text so-panel widget widget_custom_html panel-first-child panel-last-child\" data-index=\"5\" ><div class=\"textwidget custom-html-widget\"><div  style=\"color:#7c7c7c; font-size:15px;\">\n\t<p>A Funda\u00e7\u00e3o Delfim Mendes Silveira permanece comprometida com o aperfei\u00e7oamento\ncont\u00ednuo de seus mecanismos de governan\u00e7a, transpar\u00eancia e presta\u00e7\u00e3o de contas,\ngarantindo a integridade e a acessibilidade das informa\u00e7\u00f5es por ela administradas.<br><\/p>\n<\/div><\/div><\/div><\/div><\/div><\/div><\/div>","protected":false},"excerpt":{"rendered":"<p>A Funda\u00e7\u00e3o Delfim Mendes Silveira reafirma seu compromisso institucional com a transpar\u00eancia, a publicidade dos atos administrativos e o acesso [&hellip;]<\/p>\n","protected":false},"author":1,"featured_media":0,"parent":0,"menu_order":0,"comment_status":"closed","ping_status":"closed","template":"page-templates\/full-width.php","meta":{"jetpack_post_was_ever_published":false,"footnotes":""},"class_list":["post-1360","page","type-page","status-publish","hentry"],"jetpack_sharing_enabled":true,"jetpack_likes_enabled":true,"jetpack-related-posts":[{"id":1369,"url":"https:\/\/fundacoesufpel.com.br\/fdms\/portal-de-compras\/","url_meta":{"origin":1360,"position":0},"title":"Portal de Compras","author":"admin","date":"10\/09\/2020","format":false,"excerpt":"","rel":"","context":"Post similar","block_context":{"text":"Post similar","link":""},"img":{"alt_text":"","src":"","width":0,"height":0},"classes":[]},{"id":27,"url":"https:\/\/fundacoesufpel.com.br\/fdms\/solucoes\/","url_meta":{"origin":1360,"position":1},"title":"Solu\u00e7\u00f5es","author":"admin","date":"04\/08\/2020","format":false,"excerpt":"","rel":"","context":"Post similar","block_context":{"text":"Post similar","link":""},"img":{"alt_text":"","src":"","width":0,"height":0},"classes":[]},{"id":2022,"url":"https:\/\/fundacoesufpel.com.br\/fdms\/sobre-a-fau\/","url_meta":{"origin":1360,"position":2},"title":"Sobre a FAU","author":"admin","date":"04\/08\/2020","format":false,"excerpt":"","rel":"","context":"Post similar","block_context":{"text":"Post similar","link":""},"img":{"alt_text":"","src":"","width":0,"height":0},"classes":[]},{"id":68,"url":"https:\/\/fundacoesufpel.com.br\/fdms\/legislacao\/","url_meta":{"origin":1360,"position":3},"title":"Legisla\u00e7\u00e3o","author":"admin","date":"04\/08\/2020","format":false,"excerpt":"","rel":"","context":"Post similar","block_context":{"text":"Post similar","link":""},"img":{"alt_text":"","src":"","width":0,"height":0},"classes":[]},{"id":1279,"url":"https:\/\/fundacoesufpel.com.br\/fdms\/sobre-a-fdms\/","url_meta":{"origin":1360,"position":4},"title":"Sobre a FDMS","author":"admin","date":"04\/08\/2020","format":false,"excerpt":"","rel":"","context":"Post similar","block_context":{"text":"Post similar","link":""},"img":{"alt_text":"","src":"","width":0,"height":0},"classes":[]},{"id":55,"url":"https:\/\/fundacoesufpel.com.br\/fdms\/ordens-internas-documentos-orientacao\/","url_meta":{"origin":1360,"position":5},"title":"Documentos \/ Orienta\u00e7\u00f5es","author":"admin","date":"04\/08\/2020","format":false,"excerpt":"","rel":"","context":"Post similar","block_context":{"text":"Post similar","link":""},"img":{"alt_text":"","src":"","width":0,"height":0},"classes":[]}],"jetpack_shortlink":"https:\/\/wp.me\/PcrDaD-lW","_links":{"self":[{"href":"https:\/\/fundacoesufpel.com.br\/fdms\/wp-json\/wp\/v2\/pages\/1360","targetHints":{"allow":["GET"]}}],"collection":[{"href":"https:\/\/fundacoesufpel.com.br\/fdms\/wp-json\/wp\/v2\/pages"}],"about":[{"href":"https:\/\/fundacoesufpel.com.br\/fdms\/wp-json\/wp\/v2\/types\/page"}],"author":[{"embeddable":true,"href":"https:\/\/fundacoesufpel.com.br\/fdms\/wp-json\/wp\/v2\/users\/1"}],"replies":[{"embeddable":true,"href":"https:\/\/fundacoesufpel.com.br\/fdms\/wp-json\/wp\/v2\/comments?post=1360"}],"version-history":[{"count":35,"href":"https:\/\/fundacoesufpel.com.br\/fdms\/wp-json\/wp\/v2\/pages\/1360\/revisions"}],"predecessor-version":[{"id":2234,"href":"https:\/\/fundacoesufpel.com.br\/fdms\/wp-json\/wp\/v2\/pages\/1360\/revisions\/2234"}],"wp:attachment":[{"href":"https:\/\/fundacoesufpel.com.br\/fdms\/wp-json\/wp\/v2\/media?parent=1360"}],"curies":[{"name":"wp","href":"https:\/\/api.w.org\/{rel}","templated":true}]}}