{"id":55,"date":"2020-08-04T16:30:00","date_gmt":"2020-08-04T19:30:00","guid":{"rendered":"http:\/\/www2.fundacoesufpel.com.br\/fau-1\/?page_id=55"},"modified":"2022-01-19T10:46:52","modified_gmt":"2022-01-19T10:46:52","slug":"ordens-internas-documentos-orientacao","status":"publish","type":"page","link":"https:\/\/fundacoesufpel.com.br\/fau\/ordens-internas-documentos-orientacao\/","title":{"rendered":"Ordens Internas \/ Documentos \/ Orienta\u00e7\u00e3o"},"content":{"rendered":"<div id=\"pl-55\"  class=\"panel-layout\" ><div id=\"pg-55-0\"  class=\"panel-grid panel-no-style\" ><div id=\"pgc-55-0-0\"  class=\"panel-grid-cell\" ><div id=\"panel-55-0-0-0\" class=\"so-panel widget widget_themegrill_flash_heading tg-widget section-title-wrapper panel-first-child\" data-index=\"0\" ><div class=\"titulo-h3-reduzido-documentos panel-widget-style panel-widget-style-for-55-0-0-0\" >\t<h3 class=\"section-title\">Coordena\u00e7\u00e3o de Conv\u00eanios e Contratos \u2013 CCONC\/UFPel:<\/h3>\n<\/div><\/div><div id=\"panel-55-0-0-1\" class=\"widget_text so-panel widget widget_custom_html\" data-index=\"1\" ><div class=\"textwidget custom-html-widget\"><div style=\"color:#7c7c7c; font-size:12px;\"><a href=\"https:\/\/wp.ufpel.edu.br\/convenios\/orientacoes\/novos-instrumentos-primeiros-passos\/\">Novos Instrumentos \u2013 Passo a passo<\/a> \u2013 Disponibiliza informa\u00e7\u00f5es sobre os procedimentos referentes \u00e0 celebra\u00e7\u00e3o de novos instrumentos firmados pela UFPel com institui\u00e7\u00f5es parceiras (conv\u00eanios e contratos), com o passo a passo para tramita\u00e7\u00e3o.<\/div><\/div><\/div><div id=\"panel-55-0-0-2\" class=\"so-panel widget widget_themegrill_flash_heading tg-widget section-title-wrapper\" data-index=\"2\" ><div class=\"titulo-h3-reduzido-documentos panel-widget-style panel-widget-style-for-55-0-0-2\" >\t<h3 class=\"section-title\">Refer\u00eancias para a elabora\u00e7\u00e3o do Plano de Trabalho:<\/h3>\n<\/div><\/div><div id=\"panel-55-0-0-3\" class=\"widget_text so-panel widget widget_custom_html\" data-index=\"3\" ><div class=\"textwidget custom-html-widget\"><div style=\"color:#7c7c7c; font-size:12px;\">\n\t<a href=\"https:\/\/fundacoesufpel.com.br\/fau\/wp-content\/uploads\/sites\/2\/2020\/11\/SIAFI-ELEMETOS-DE-DESPESA-2015_Versao-2018.pdf\">Classifica\u00e7\u00f5es Or\u00e7ament\u00e1rias \u2013 SIAFI \u2013 Sistema Integrado de Administra\u00e7\u00e3o Financeira do Governo Federal<\/a> \u2013 Orienta\u00e7\u00e3o quanto \u00e0 correta classifica\u00e7\u00e3o or\u00e7ament\u00e1ria das naturezas despesa.<br><br>\n\t<a href=\"https:\/\/fundacoesufpel.com.br\/fau\/wp-content\/uploads\/sites\/2\/2020\/11\/Port_448_2002-Disciminacao-subelementos-30-36-39-52.pdf\">Portaria n\u00b0 448, de 13 de setembro de 2002<\/a> \u2013 Orienta\u00e7\u00e3o referente o detalhamento das naturezas de despesas 339030, 339036, 339039 e 449052.<br><br>\n\t<a href=\"http:\/\/www.feesc.org.br\/site\/?pg=calculo-servico\">C\u00e1lculo de Presta\u00e7\u00e3o de Servi\u00e7os Aut\u00f4nomos \u2013 RPA<\/a>  \u2013 Link para realizar o c\u00e1lculo do custo para o projeto por RPA da Funda\u00e7\u00e3o Stemmer para Pesquisa, Desenvolvimento e Inova\u00e7\u00e3o \u2013 FEESC.\n<\/div><\/div><\/div><div id=\"panel-55-0-0-4\" class=\"so-panel widget widget_themegrill_flash_heading tg-widget section-title-wrapper\" data-index=\"4\" ><div class=\"titulo-h3-reduzido-documentos panel-widget-style panel-widget-style-for-55-0-0-4\" >\t<h3 class=\"section-title\">Orienta\u00e7\u00e3o sobre Processos de Compra \u2013 Perguntas e Respostas:<\/h3>\n<\/div><\/div><div id=\"panel-55-0-0-5\" class=\"widget_text so-panel widget widget_custom_html panel-last-child\" data-index=\"5\" ><div class=\"textwidget custom-html-widget\"><div style=\"color:#7c7c7c; font-size:12px;\">O material cont\u00e9m orienta\u00e7\u00f5es sobre os processos para evitar o \u201cvai e vem\u201d de informa\u00e7\u00f5es e tornar assim os procedimentos mais \u00e1geis e eficientes. O arquivo em anexo trata de quest\u00f5es relacionadas aos <a href=\"https:\/\/fundacoesufpel.com.br\/fau\/wp-content\/uploads\/sites\/2\/2020\/11\/Processos-de-Compra-Contratacao.pdf\">PROCESSOS DE COMPRA\/CONTRATA\u00c7\u00c3O<\/a> com as seguintes perguntas:<br><br>\n\t<p style=\"font-style: italic;\">\n\t\t1) Qual \u00e9 o procedimento a ser seguido para a compra de produtos e contrata\u00e7\u00e3o de servi\u00e7os?<br>\n\t\t2) Qual \u00e9 o prazo para o envio dos pedidos de compra\/contrata\u00e7\u00e3o de servi\u00e7os \u00e0 Funda\u00e7\u00e3o?<br>\n\t\t3) \u00c9 poss\u00edvel indicar marca nos pedidos realizados para compra de materiais\/equipamentos?<br>\n\t\t4) E quando existir apenas um fornecedor e houver inviabilidade de competi\u00e7\u00e3o?\n\t<\/p>\n<\/div><\/div><\/div><\/div><div id=\"pgc-55-0-1\"  class=\"panel-grid-cell\" ><div id=\"panel-55-0-1-0\" class=\"so-panel widget widget_themegrill_flash_service tg-widget tg-single-service panel-first-child panel-last-child\" data-index=\"6\" ><div class=\"itens-fau panel-widget-style panel-widget-style-for-55-0-1-0\" >\n<div class=\"tg-service-widget tg-service-layout-1\">\n\t<div class=\"service-wrapper\">\n\t\t<div class=\"service-icon-title-wrapper clearfix\">\n\t\t\t\t\t\t<div class=\"service-icon-wrap\"><i class=\"fa fa-balance-scale\"><\/i><\/div>\n\t\t\t\t\t\t\t\t\t\t\t\t<h3 class=\"service-title-wrap\">\n\t\t\t\t\t\t\t\t<a href=\"https:\/\/fundacoesufpel.com.br\/fau\/legislacao\/\">\n\t\t\t\tLegisla\u00e7\u00e3o\t\t\t\t\t\t\t\t<\/a>\n\t\t\t\t\t\t\t<\/h3>\n\t\t\t\t\t<\/div>\n\t\t\t\t\t\t<a class=\"service-more\" href=\"https:\/\/fundacoesufpel.com.br\/fau\/legislacao\/\"><\/a>\n\t\t\t<\/div>\n<\/div>\n<\/div><\/div><\/div><\/div><\/div>","protected":false},"excerpt":{"rendered":"<p>Coordena\u00e7\u00e3o de Conv\u00eanios e Contratos \u2013 CCONC\/UFPel: Novos Instrumentos \u2013 Passo a passo \u2013 Disponibiliza informa\u00e7\u00f5es sobre os procedimentos referentes [&hellip;]<\/p>\n","protected":false},"author":1,"featured_media":0,"parent":0,"menu_order":0,"comment_status":"closed","ping_status":"closed","template":"page-templates\/full-width.php","meta":{"jetpack_post_was_ever_published":false,"footnotes":""},"class_list":["post-55","page","type-page","status-publish","hentry"],"jetpack_sharing_enabled":true,"jetpack_likes_enabled":true,"jetpack-related-posts":[],"jetpack_shortlink":"https:\/\/wp.me\/Pcrxge-T","_links":{"self":[{"href":"https:\/\/fundacoesufpel.com.br\/fau\/wp-json\/wp\/v2\/pages\/55","targetHints":{"allow":["GET"]}}],"collection":[{"href":"https:\/\/fundacoesufpel.com.br\/fau\/wp-json\/wp\/v2\/pages"}],"about":[{"href":"https:\/\/fundacoesufpel.com.br\/fau\/wp-json\/wp\/v2\/types\/page"}],"author":[{"embeddable":true,"href":"https:\/\/fundacoesufpel.com.br\/fau\/wp-json\/wp\/v2\/users\/1"}],"replies":[{"embeddable":true,"href":"https:\/\/fundacoesufpel.com.br\/fau\/wp-json\/wp\/v2\/comments?post=55"}],"version-history":[{"count":13,"href":"https:\/\/fundacoesufpel.com.br\/fau\/wp-json\/wp\/v2\/pages\/55\/revisions"}],"predecessor-version":[{"id":3168,"href":"https:\/\/fundacoesufpel.com.br\/fau\/wp-json\/wp\/v2\/pages\/55\/revisions\/3168"}],"wp:attachment":[{"href":"https:\/\/fundacoesufpel.com.br\/fau\/wp-json\/wp\/v2\/media?parent=55"}],"curies":[{"name":"wp","href":"https:\/\/api.w.org\/{rel}","templated":true}]}}