{"id":1946,"date":"2020-09-18T18:20:35","date_gmt":"2020-09-18T21:20:35","guid":{"rendered":"http:\/\/15.228.36.87\/fau\/?page_id=1946"},"modified":"2025-04-14T13:19:25","modified_gmt":"2025-04-14T13:19:25","slug":"prestacao-de-contas-anterior-ao-portal-da-transparencia","status":"publish","type":"page","link":"https:\/\/fundacoesufpel.com.br\/fau\/prestacao-de-contas-anterior-ao-portal-da-transparencia\/","title":{"rendered":"Presta\u00e7\u00e3o de Contas anterior a 2018"},"content":{"rendered":"<h5>Trata-se da disponibiliza\u00e7\u00e3o da presta\u00e7\u00e3o de contas final de Conv\u00eanios e Contratos iniciados e\/ou finalizados anterior ao ano de 2018, o qual n\u00e3o eram executados pelo o Sistema de Administra\u00e7\u00e3o e Gest\u00e3o Integrada \u2013 SAGI.<\/h5>\n<h5>O portal da transpar\u00eancia foi implementado no ano de 2018 quando foi adquirido o Sistema SAGI, que exporta as informa\u00e7\u00f5es lan\u00e7adas por diversos setores da Funda\u00e7\u00e3o.<\/h5>\n<hr \/>\n<h4><strong>CONTRATOS:<\/strong><\/h4>\n<ul>\n<li><a href=\"https:\/\/fundacoesufpel.com.br\/fau\/wp-content\/uploads\/sites\/2\/2020\/11\/ilovepdf_merged-2020-06-02T145006.331.pdf\" target=\"_blank\" rel=\"noopener noreferrer\">CT_50\/2011 \u201cC\/C: 13.00000-7\u201d<\/a>\u00a0\u2013 ABRIL\/2017 a DEZEMBRO\/2017<\/li>\n<li><a href=\"https:\/\/fundacoesufpel.com.br\/fau\/wp-content\/uploads\/sites\/2\/2020\/11\/organized-2020-06-02T145357.411.pdf\" target=\"_blank\" rel=\"noopener noreferrer\">CT_50\/2011 \u201cC\/C: 13.00000-7\u201d<\/a>\u00a0\u2013 JANEIRO\/2018 a MAR\u00c7O\/2019<\/li>\n<li><a href=\"https:\/\/fundacoesufpel.com.br\/fau\/wp-content\/uploads\/sites\/2\/2020\/11\/organized-2020-06-02T145624.600.pdf\" target=\"_blank\" rel=\"noopener noreferrer\">CT_50\/2011 \u201cC\/C: 100.480-8\u201d<\/a>\u00a0\u2013 ABRIL\/2017 a DEZEMBRO\/2017<\/li>\n<li><a href=\"https:\/\/fundacoesufpel.com.br\/fau\/wp-content\/uploads\/sites\/2\/2020\/11\/ilovepdf_merged-2020-06-02T150027.467.pdf\" target=\"_blank\" rel=\"noopener noreferrer\">CT_50\/2011 \u201cC\/C: 100.480-8\u201d<\/a>\u00a0\u2013 JANEIRO\/2018 a NOVEMBRO\/2018<\/li>\n<li><a href=\"https:\/\/fundacoesufpel.com.br\/fau\/wp-content\/uploads\/sites\/2\/2020\/11\/ilovepdf_merged-2020-06-02T150248.303.pdf\" target=\"_blank\" rel=\"noopener noreferrer\">CT_50\/2011 \u201cC\/C: 18.818-2\u201d<\/a>\u00a0\u2013 ABRIL\/2017 a DEZEMBRO\/2017<\/li>\n<li><a href=\"https:\/\/fundacoesufpel.com.br\/fau\/wp-content\/uploads\/sites\/2\/2020\/11\/ilovepdf_merged-2020-06-02T150556.467.pdf\" target=\"_blank\" rel=\"noopener noreferrer\">CT_50\/2011 \u201cC\/C: 18.818-2\u201d<\/a>\u00a0\u2013 JANEIRO\/2018 a MAR\u00c7O\/2019<\/li>\n<li><a href=\"https:\/\/fundacoesufpel.com.br\/fau\/wp-content\/uploads\/sites\/2\/2020\/11\/ilovepdf_merged-2020-06-03T152510.387.pdf\" target=\"_blank\" rel=\"noopener noreferrer\">CT_50\/2011 \u201cC\/C: 18.818-2\u201d<\/a>\u00a0\u2013 ABRIL\/2019 a FEVEREIRO\/2020<\/li>\n<\/ul>\n<hr \/>\n<h4>CONV\u00caNIOS:<\/h4>\n<ul>\n<li><a href=\"https:\/\/fundacoesufpel.com.br\/fau\/wp-content\/uploads\/sites\/2\/2020\/11\/Prestacao-de-Contas-Final_compressed-1.pdf\" target=\"_blank\" rel=\"noopener noreferrer\">CV_02\/2009 \u2013 \u201cMODERNIZA\u00c7\u00c3O\u201d<\/a><\/li>\n<li><a href=\"https:\/\/fundacoesufpel.com.br\/fau\/wp-content\/uploads\/sites\/2\/2020\/11\/Pc-Final-Dig._compressed.pdf\" target=\"_blank\" rel=\"noopener noreferrer\">CV_10\/2009 \u2013 \u201cOPERA\u00c7\u00c3O ALM\u201d<\/a><\/li>\n<li><a href=\"https:\/\/fundacoesufpel.com.br\/fau\/wp-content\/uploads\/sites\/2\/2020\/11\/PRESTACAO-DE-CONTAS-FINAL-ENVIADA.pdf\" target=\"_blank\" rel=\"noopener noreferrer\">CV_03\/2011 \u2013 \u201cPESCA\u201d<\/a><\/li>\n<li><a href=\"https:\/\/fundacoesufpel.com.br\/fau\/wp-content\/uploads\/sites\/2\/2020\/11\/ilovepdf_merged-2020-06-03T114630.078.pdf\" target=\"_blank\" rel=\"noopener noreferrer\">CV_01.11.0088 FINEP \u2013 \u201cBIOMATERIAIS\u201d<\/a><\/li>\n<li><a href=\"https:\/\/fundacoesufpel.com.br\/fau\/wp-content\/uploads\/sites\/2\/2020\/11\/PC-Final-DIGITALIZADA.pdf\" target=\"_blank\" rel=\"noopener noreferrer\">CV_01\/2012 SICONV 775195\/2012 \u2013 \u201cPPB 6\u201d\u00a0<\/a><\/li>\n<li><a href=\"https:\/\/fundacoesufpel.com.br\/fau\/wp-content\/uploads\/sites\/2\/2020\/11\/ilovepdf_merged-2020-06-03T113751.353.pdf\" target=\"_blank\" rel=\"noopener noreferrer\">CV_07\/2013 SICONV 791052\/2013 \u2013 \u201cPPB 7\u201d<\/a><\/li>\n<li><a href=\"https:\/\/fundacoesufpel.com.br\/fau\/wp-content\/uploads\/sites\/2\/2020\/11\/PRESTACAO-DE-CONTAS-FINAL-Completa.pdf\" target=\"_blank\" rel=\"noopener noreferrer\">CV_27\/2013 \u2013 \u201cAPL ALIMENTOS\u201d<\/a><\/li>\n<\/ul>\n<hr \/>\n<h4><strong>PRESTA\u00c7\u00d5ES DE CONTAS APROVADAS<\/strong><\/h4>\n<ul>\n<li><a href=\"https:\/\/fundacoesufpel.com.br\/fau\/wp-content\/uploads\/sites\/2\/2020\/11\/Carta-de-Aprovacao-PRESTACAO-DE-CONTAS.pdf\" target=\"_blank\" rel=\"noopener noreferrer\">Of\u00edcio Finep 5551<\/a>\u00a0\u2013\u00a0\u201cConv\u00eanio\u00a0<span id=\"OBJ_PREFIX_DWT437_com_zimbra_phone\" class=\"Object\" role=\"link\">01.14.0148.00<\/span>\u201c<\/li>\n<li><a href=\"https:\/\/fundacoesufpel.com.br\/fau\/wp-content\/uploads\/sites\/2\/2020\/11\/APROVACAO-PC-FINAL..pdf\" target=\"_blank\" rel=\"noopener noreferrer\">E-mail CCONC UFPel<\/a>\u00a0\u2013 \u201cConv\u00eanio n\u00b0 07\/2013 Siconv 791052\/2013\u201d<\/li>\n<li><a href=\"https:\/\/fundacoesufpel.com.br\/fau\/wp-content\/uploads\/sites\/2\/2021\/08\/01.11.0088-Aprovacao-PC-FINAL-1.pdf\" target=\"_blank\" rel=\"noopener\">Of\u00edcio Finep 054\/21<\/a> \u2013 \u201cConv\u00eanio 01.11.0088.00\u201c<\/li>\n<li><a href=\"https:\/\/fundacoesufpel.com.br\/fau\/wp-content\/uploads\/sites\/2\/2025\/04\/FDMS-Oficio_SPCONT_20_2025-APROVACAO-PC-III-IFI.pdf\" target=\"_blank\" rel=\"noopener\">Of\u00edcio n\u00ba 20\/2025\/SPCONT\/CCONC\/INOVA\/GR\/REITORIA-UFPel<\/a> \u2013 \u201cContrato n\u00ba 25\/2016\u201c<\/li>\n<li><a href=\"https:\/\/fundacoesufpel.com.br\/fau\/wp-content\/uploads\/sites\/2\/2025\/04\/FDMS-Oficio_SPCONT_26_2024-APROVACAO-PC-CASA-PASSIVA.pdf\" target=\"_blank\" rel=\"noopener\">Of\u00edcio n\u00ba 26\/2024\/SPCONT\/CCONC\/INOVA\/GR\/REITORIA-UFPel<\/a> \u2013 \u201cContrato n\u00ba 01\/2016\u201c<\/li>\n<li><a href=\"https:\/\/fundacoesufpel.com.br\/fau\/wp-content\/uploads\/sites\/2\/2025\/04\/FDMS-Oficio_SPCONT_28_2024-APROVACAO-PC-ENCONTRO-MICOLOGIA.pdf\" target=\"_blank\" rel=\"noopener\">Of\u00edcio n\u00ba 28\/2024\/SPCONT\/CCONC\/INOVA\/GR\/REITORIA-UFPel<\/a> \u2013 \u201cContrato n\u00ba 26\/2016\u201c<\/li>\n<li><a href=\"https:\/\/fundacoesufpel.com.br\/fau\/wp-content\/uploads\/sites\/2\/2025\/04\/FDMS-Oficio_SPCONT_29_2024-APROVACAO-PC-II-SIIEPE.pdf\" target=\"_blank\" rel=\"noopener\">Of\u00edcio n\u00ba 29\/2024\/SPCONT\/CCONC\/INOVA\/GR\/REITORIA-UFPel<\/a> \u2013 \u201cContrato n\u00ba 02\/2016\u201c<\/li>\n<\/ul>\n\n\n<p><\/p>\n","protected":false},"excerpt":{"rendered":"<p>Trata-se da disponibiliza\u00e7\u00e3o da presta\u00e7\u00e3o de contas final de Conv\u00eanios e Contratos iniciados e\/ou finalizados anterior ao ano de 2018, [&hellip;]<\/p>\n","protected":false},"author":1,"featured_media":0,"parent":0,"menu_order":0,"comment_status":"closed","ping_status":"closed","template":"","meta":{"jetpack_post_was_ever_published":false,"footnotes":""},"class_list":["post-1946","page","type-page","status-publish","hentry"],"jetpack_sharing_enabled":false,"jetpack_likes_enabled":false,"jetpack-related-posts":[],"jetpack_shortlink":"https:\/\/wp.me\/Pcrxge-vo","_links":{"self":[{"href":"https:\/\/fundacoesufpel.com.br\/fau\/wp-json\/wp\/v2\/pages\/1946","targetHints":{"allow":["GET"]}}],"collection":[{"href":"https:\/\/fundacoesufpel.com.br\/fau\/wp-json\/wp\/v2\/pages"}],"about":[{"href":"https:\/\/fundacoesufpel.com.br\/fau\/wp-json\/wp\/v2\/types\/page"}],"author":[{"embeddable":true,"href":"https:\/\/fundacoesufpel.com.br\/fau\/wp-json\/wp\/v2\/users\/1"}],"replies":[{"embeddable":true,"href":"https:\/\/fundacoesufpel.com.br\/fau\/wp-json\/wp\/v2\/comments?post=1946"}],"version-history":[{"count":6,"href":"https:\/\/fundacoesufpel.com.br\/fau\/wp-json\/wp\/v2\/pages\/1946\/revisions"}],"predecessor-version":[{"id":3430,"href":"https:\/\/fundacoesufpel.com.br\/fau\/wp-json\/wp\/v2\/pages\/1946\/revisions\/3430"}],"wp:attachment":[{"href":"https:\/\/fundacoesufpel.com.br\/fau\/wp-json\/wp\/v2\/media?parent=1946"}],"curies":[{"name":"wp","href":"https:\/\/api.w.org\/{rel}","templated":true}]}}