{"id":1815,"date":"2020-09-18T11:09:17","date_gmt":"2020-09-18T14:09:17","guid":{"rendered":"http:\/\/15.228.36.87\/fau\/?page_id=1815"},"modified":"2021-01-18T16:58:05","modified_gmt":"2021-01-18T16:58:05","slug":"financiadores","status":"publish","type":"page","link":"https:\/\/fundacoesufpel.com.br\/fau\/financiadores\/","title":{"rendered":"Financiadores"},"content":{"rendered":"\n<figure class=\"wp-block-table\"><table><tbody><tr><td><strong>PARCEIROS P\u00daBLICOS<\/strong><\/td><\/tr><tr><td>FINANCIADORA DE ESTUDOS E PROJETOS &#8211; FINEP<\/td><\/tr><tr><td>MINIST\u00c9RIO DA SA\u00daDE \/ FUNDO NACIONAL DA SA\u00daDE &#8211; FNS<\/td><\/tr><tr><td>MUNICIPIO DE CAPAO DO LEAO<\/td><\/tr><tr><td>MUNICIPIO DE PELOTAS<\/td><\/tr><tr><td>UNIVERSIDADE FEDERAL DO RIO GRANDE &#8211; FURG<\/td><\/tr><\/tbody><\/table><\/figure>\n\n\n\n<div style=\"height:46px\" aria-hidden=\"true\" class=\"wp-block-spacer\"><\/div>\n\n\n\n<figure class=\"wp-block-table\"><table><tbody><tr><td class=\"has-text-align-left\" data-align=\"left\"><strong>PARCEIROS PRIVADOS<\/strong><\/td><\/tr><tr><td class=\"has-text-align-left\" data-align=\"left\">BRIPAV BRITAGEM E PAVIMENTA\u00c7\u00c3O EIRELI<\/td><\/tr><tr><td class=\"has-text-align-left\" data-align=\"left\">CANTO VERDE INCORPORADORA IMOBILI\u00c1RIA SPE LTDA<\/td><\/tr><tr><td class=\"has-text-align-left\" data-align=\"left\">CONCREFERRO IND\u00daSTRIA E COM\u00c9RCIO DE PR\u00c9-MOLDADOS LTDA<\/td><\/tr><tr><td class=\"has-text-align-left\" data-align=\"left\">ELETRIND ELETRICIDADE INDUSTRIAL LTDA<\/td><\/tr><tr><td class=\"has-text-align-left\" data-align=\"left\">ENGEMAT SERVI\u00c7OS T\u00c9CNICOS DE ENGENHARIA LTDA<\/td><\/tr><tr><td class=\"has-text-align-left\" data-align=\"left\">FUNDA\u00c7\u00c3O ESTADUAL DE PESQUISA AGROPECU\u00c1RIA \u2013 FEPAGRO<\/td><\/tr><tr><td class=\"has-text-align-left\" data-align=\"left\">GI ENERGY ENGENHARIA LTDA<\/td><\/tr><tr><td class=\"has-text-align-left\" data-align=\"left\">INTUS ENGENHARIA GEST\u00c3O LTDA \u2013 EPP<\/td><\/tr><tr><td class=\"has-text-align-left\" data-align=\"left\">J R FEYH &amp; CIA LTDA<\/td><\/tr><tr><td class=\"has-text-align-left\" data-align=\"left\">MAC ENGENHARIA LTDA<\/td><\/tr><tr><td class=\"has-text-align-left\" data-align=\"left\">MACHADO HAX COM\u00c9RCIO DE PRODUTOS RURAIS LTDA<\/td><\/tr><tr><td class=\"has-text-align-left\" data-align=\"left\">MGM EMPRESA CONSTRUTORA LTDA<\/td><\/tr><tr><td class=\"has-text-align-left\" data-align=\"left\">MINERSUL MINERADORA LTDA<\/td><\/tr><tr><td class=\"has-text-align-left\" data-align=\"left\">OLAVO ROCHA CONSTRUTORA LTDA-ME<\/td><\/tr><tr><td class=\"has-text-align-left\" data-align=\"left\">PORTO5 INVESTIMENTOS IMOBILI\u00c1RIOS LTDA<\/td><\/tr><tr><td class=\"has-text-align-left\" data-align=\"left\">ROBERTO FERREIRA COMERCIAL E CONSTRUTORA LTDA<\/td><\/tr><tr><td class=\"has-text-align-left\" data-align=\"left\">SEIVAL DO PRATA PARTICIPA\u00c7\u00d5ES LTDA-EPP<\/td><\/tr><tr><td class=\"has-text-align-left\" data-align=\"left\">SERIAL ENGENHARIA &amp; ESTRUTURAS LTDA<\/td><\/tr><tr><td class=\"has-text-align-left\" data-align=\"left\">SPE COSTA DO PELOTAS EMPREENDIMENTOS IMOBILI\u00c1RIOS LTDA<\/td><\/tr><tr><td class=\"has-text-align-left\" data-align=\"left\">SUPERMERCADO GUANABARA S.A.<\/td><\/tr><tr><td class=\"has-text-align-left\" data-align=\"left\">UNIVERSITY OF SURREY<\/td><\/tr><tr><td class=\"has-text-align-left\" data-align=\"left\">V3 EMPAR LTDA<\/td><\/tr><tr><td class=\"has-text-align-left\" data-align=\"left\">WEG EQUIPAMENTOS EL\u00c9TRICOS S.A.<\/td><\/tr><\/tbody><\/table><\/figure>\n","protected":false},"excerpt":{"rendered":"<p>PARCEIROS P\u00daBLICOS FINANCIADORA DE ESTUDOS E PROJETOS &#8211; FINEP MINIST\u00c9RIO DA SA\u00daDE \/ FUNDO NACIONAL DA SA\u00daDE &#8211; FNS MUNICIPIO [&hellip;]<\/p>\n","protected":false},"author":1,"featured_media":0,"parent":0,"menu_order":0,"comment_status":"closed","ping_status":"closed","template":"","meta":{"jetpack_post_was_ever_published":false,"footnotes":""},"class_list":["post-1815","page","type-page","status-publish","hentry"],"jetpack_sharing_enabled":true,"jetpack_likes_enabled":true,"jetpack-related-posts":[],"jetpack_shortlink":"https:\/\/wp.me\/Pcrxge-th","_links":{"self":[{"href":"https:\/\/fundacoesufpel.com.br\/fau\/wp-json\/wp\/v2\/pages\/1815","targetHints":{"allow":["GET"]}}],"collection":[{"href":"https:\/\/fundacoesufpel.com.br\/fau\/wp-json\/wp\/v2\/pages"}],"about":[{"href":"https:\/\/fundacoesufpel.com.br\/fau\/wp-json\/wp\/v2\/types\/page"}],"author":[{"embeddable":true,"href":"https:\/\/fundacoesufpel.com.br\/fau\/wp-json\/wp\/v2\/users\/1"}],"replies":[{"embeddable":true,"href":"https:\/\/fundacoesufpel.com.br\/fau\/wp-json\/wp\/v2\/comments?post=1815"}],"version-history":[{"count":2,"href":"https:\/\/fundacoesufpel.com.br\/fau\/wp-json\/wp\/v2\/pages\/1815\/revisions"}],"predecessor-version":[{"id":2824,"href":"https:\/\/fundacoesufpel.com.br\/fau\/wp-json\/wp\/v2\/pages\/1815\/revisions\/2824"}],"wp:attachment":[{"href":"https:\/\/fundacoesufpel.com.br\/fau\/wp-json\/wp\/v2\/media?parent=1815"}],"curies":[{"name":"wp","href":"https:\/\/api.w.org\/{rel}","templated":true}]}}